Last updated on 2024-03-28 19:48:25 CET.
Flavor | Version | Tinstall | Tcheck | Ttotal | Status | Flags |
---|---|---|---|---|---|---|
r-devel-linux-x86_64-debian-clang | 0.1.15 | 6.14 | 51.78 | 57.92 | NOTE | |
r-devel-linux-x86_64-debian-gcc | 0.1.15 | 4.64 | 39.46 | 44.10 | NOTE | |
r-devel-linux-x86_64-fedora-clang | 0.1.15 | 72.34 | NOTE | |||
r-devel-linux-x86_64-fedora-gcc | 0.1.15 | 72.35 | NOTE | |||
r-devel-windows-x86_64 | 0.1.15 | 6.00 | 56.00 | 62.00 | NOTE | |
r-patched-linux-x86_64 | 0.1.15 | 5.58 | 49.19 | 54.77 | NOTE | |
r-release-linux-x86_64 | 0.1.15 | 5.28 | 50.49 | 55.77 | NOTE | |
r-release-macos-arm64 | 0.1.15 | 25.00 | NOTE | |||
r-release-macos-x86_64 | 0.1.15 | 40.00 | NOTE | |||
r-release-windows-x86_64 | 0.1.15 | 8.00 | 64.00 | 72.00 | NOTE | |
r-oldrel-macos-arm64 | 0.1.15 | 20.00 | NOTE | |||
r-oldrel-windows-x86_64 | 0.1.15 | 8.00 | 71.00 | 79.00 | NOTE |
Version: 0.1.15
Check: LazyData
Result: NOTE
'LazyData' is specified without a 'data' directory
Flavors: r-devel-linux-x86_64-debian-clang, r-devel-linux-x86_64-debian-gcc, r-devel-linux-x86_64-fedora-clang, r-devel-linux-x86_64-fedora-gcc, r-devel-windows-x86_64, r-patched-linux-x86_64, r-release-linux-x86_64, r-release-macos-arm64, r-release-macos-x86_64, r-release-windows-x86_64, r-oldrel-macos-arm64, r-oldrel-windows-x86_64