Last updated on 2024-04-22 20:53:31 CEST.
Flavor | Version | Tinstall | Tcheck | Ttotal | Status | Flags |
---|---|---|---|---|---|---|
r-devel-linux-x86_64-debian-clang | 2.0.2 | 130.85 | 41.02 | 171.87 | NOTE | |
r-devel-linux-x86_64-debian-gcc | 2.0.2 | 105.39 | 30.86 | 136.25 | NOTE | |
r-devel-linux-x86_64-fedora-clang | 2.0.2 | 262.01 | NOTE | |||
r-devel-linux-x86_64-fedora-gcc | 2.0.2 | 270.04 | NOTE | |||
r-prerel-macos-arm64 | 2.0.2 | 60.00 | NOTE | |||
r-prerel-macos-x86_64 | 2.0.2 | 79.00 | NOTE | |||
r-prerel-windows-x86_64 | 2.0.2 | 101.00 | 79.00 | 180.00 | NOTE | |
r-patched-linux-x86_64 | 2.0.2 | 121.82 | 39.28 | 161.10 | NOTE | |
r-release-linux-x86_64 | 2.0.2 | 103.49 | 37.90 | 141.39 | NOTE | |
r-release-macos-arm64 | 2.0.2 | 60.00 | NOTE | |||
r-release-macos-x86_64 | 2.0.2 | 76.00 | NOTE | |||
r-release-windows-x86_64 | 2.0.2 | 128.00 | 84.00 | 212.00 | NOTE | |
r-oldrel-macos-arm64 | 2.0.2 | 58.00 | NOTE | |||
r-oldrel-windows-x86_64 | 2.0.2 | 126.00 | 80.00 | 206.00 | NOTE |
Version: 2.0.2
Check: for GNU extensions in Makefiles
Result: NOTE
GNU make is a SystemRequirements.
Flavors: r-devel-linux-x86_64-debian-clang, r-devel-linux-x86_64-debian-gcc, r-devel-linux-x86_64-fedora-clang, r-devel-linux-x86_64-fedora-gcc, r-prerel-macos-arm64, r-prerel-macos-x86_64, r-prerel-windows-x86_64, r-patched-linux-x86_64, r-release-linux-x86_64, r-release-macos-arm64, r-release-macos-x86_64, r-release-windows-x86_64, r-oldrel-macos-arm64, r-oldrel-windows-x86_64
Version: 2.0.2
Check: installed package size
Result: NOTE
installed size is 7.0Mb
sub-directories of 1Mb or more:
libs 5.9Mb
Flavors: r-prerel-macos-arm64, r-prerel-macos-x86_64, r-release-macos-arm64, r-release-macos-x86_64, r-oldrel-macos-arm64