CRAN Package Check Results for Package bbw

Last updated on 2025-11-22 19:50:23 CET.

Flavor Version Tinstall Tcheck Ttotal Status Flags
r-devel-linux-x86_64-debian-clang 0.3.0 4.09 127.67 131.76 NOTE
r-devel-linux-x86_64-debian-gcc 0.3.0 2.11 85.17 87.28 NOTE
r-devel-linux-x86_64-fedora-clang 0.3.0 215.99 NOTE
r-devel-windows-x86_64 0.3.0 8.00 142.00 150.00 NOTE
r-patched-linux-x86_64 0.3.0 4.27 120.13 124.40 NOTE
r-release-linux-x86_64 0.3.0 4.05 120.97 125.02 NOTE
r-release-macos-arm64 0.3.0 NOTE
r-release-macos-x86_64 0.3.0 3.00 133.00 136.00 OK
r-release-windows-x86_64 0.3.0 6.00 141.00 147.00 NOTE
r-oldrel-macos-arm64 0.3.0 OK
r-oldrel-macos-x86_64 0.3.0 3.00 119.00 122.00 OK
r-oldrel-windows-x86_64 0.3.0 9.00 186.00 195.00 OK

Check Details

Version: 0.3.0
Check: DESCRIPTION meta-information
Result: NOTE Missing dependency on R >= 4.2.0 because package code uses the pipe placeholder syntax added in R 4.2.0. File(s) using such syntax: ‘boot_bw.R’ ‘boot_bw_estimate.R’ ‘post_strat_estimation.R’ Flavors: r-devel-linux-x86_64-debian-clang, r-devel-linux-x86_64-debian-gcc, r-devel-linux-x86_64-fedora-clang, r-devel-windows-x86_64, r-patched-linux-x86_64, r-release-linux-x86_64, r-release-macos-arm64, r-release-windows-x86_64