Last updated on 2024-07-17 20:56:55 CEST.
Flavor | Version | Tinstall | Tcheck | Ttotal | Status | Flags |
---|---|---|---|---|---|---|
r-devel-linux-x86_64-debian-clang | 0.8.5 | 29.48 | 139.56 | 169.04 | OK | |
r-devel-linux-x86_64-debian-gcc | 0.8.5 | 28.20 | 101.65 | 129.85 | OK | |
r-devel-linux-x86_64-fedora-clang | 0.8.5 | 219.73 | NOTE | |||
r-devel-linux-x86_64-fedora-gcc | 0.8.5 | 213.96 | NOTE | |||
r-devel-windows-x86_64 | 0.8.5 | 19.00 | 97.00 | 116.00 | NOTE | |
r-patched-linux-x86_64 | 0.8.5 | 33.69 | 135.41 | 169.10 | OK | |
r-release-linux-x86_64 | 0.8.5 | 22.56 | 137.17 | 159.73 | OK | |
r-release-macos-arm64 | 0.8.5 | 51.00 | OK | |||
r-release-macos-x86_64 | 0.8.5 | 79.00 | OK | |||
r-release-windows-x86_64 | 0.8.5 | 20.00 | 101.00 | 121.00 | OK | |
r-oldrel-macos-arm64 | 0.8.5 | 41.00 | OK | |||
r-oldrel-macos-x86_64 | 0.8.5 | 67.00 | OK | |||
r-oldrel-windows-x86_64 | 0.8.5 | 24.00 | 121.00 | 145.00 | OK |
Version: 0.8.5
Check: dependencies in R code
Result: NOTE
Namespace in Imports field not imported from: ‘dplyr’
All declared Imports should be used.
Flavors: r-devel-linux-x86_64-fedora-clang, r-devel-linux-x86_64-fedora-gcc
Version: 0.8.5
Check: Rd cross-references
Result: NOTE
Found the following Rd file(s) with Rd \link{} targets missing package
anchors:
stan.Rd: stan
Please provide package anchors for all Rd \link{} targets not in the
package itself and the base packages.
Flavor: r-devel-windows-x86_64