Last updated on 2025-05-03 21:51:10 CEST.
Flavor | Version | Tinstall | Tcheck | Ttotal | Status | Flags |
---|---|---|---|---|---|---|
r-devel-linux-x86_64-debian-clang | 1.5 | 2.56 | 24.77 | 27.33 | NOTE | |
r-devel-linux-x86_64-debian-gcc | 1.5 | 1.92 | 20.08 | 22.00 | NOTE | |
r-devel-linux-x86_64-fedora-clang | 1.5 | 42.84 | OK | |||
r-devel-linux-x86_64-fedora-gcc | 1.5 | 41.15 | OK | |||
r-devel-windows-x86_64 | 1.5 | 3.00 | 53.00 | 56.00 | OK | |
r-patched-linux-x86_64 | 1.5 | 2.52 | 23.76 | 26.28 | OK | |
r-release-linux-x86_64 | OK | |||||
r-release-macos-arm64 | 1.5 | 21.00 | OK | |||
r-release-macos-x86_64 | 1.5 | 38.00 | OK | |||
r-release-windows-x86_64 | 1.5 | 4.00 | 44.00 | 48.00 | OK | |
r-oldrel-macos-arm64 | 1.5 | 19.00 | OK | |||
r-oldrel-macos-x86_64 | 1.5 | 32.00 | OK | |||
r-oldrel-windows-x86_64 | 1.5 | 4.00 | 49.00 | 53.00 | OK |
Version: 1.5
Check: CRAN incoming feasibility
Result: NOTE
Maintainer: ‘Riko Kelter <riko.kelter@uni-siegen.de>’
No Authors@R field in DESCRIPTION.
Please add one, modifying
Authors@R: person(given = "Riko",
family = "Kelter",
role = c("aut", "cre"),
email = "riko.kelter@uni-siegen.de")
as necessary.
The Description field contains
details about the Gibbs sampler see Kelter (2019) <arXiv:1906.07524>.
Please refer to arXiv e-prints via their arXiv DOI <doi:10.48550/arXiv.YYMM.NNNNN>.
Flavors: r-devel-linux-x86_64-debian-clang, r-devel-linux-x86_64-debian-gcc