Last updated on 2023-11-30 20:48:29 CET.
Flavor | Version | Tinstall | Tcheck | Ttotal | Status | Flags |
---|---|---|---|---|---|---|
r-devel-linux-x86_64-debian-clang | 0.0.2 | 29.41 | 325.16 | 354.57 | NOTE | |
r-devel-linux-x86_64-debian-gcc | 0.0.2 | 21.71 | 234.59 | 256.30 | NOTE | |
r-devel-linux-x86_64-fedora-clang | 0.0.2 | 487.98 | NOTE | |||
r-devel-linux-x86_64-fedora-gcc | 0.0.2 | 447.20 | NOTE | |||
r-devel-windows-x86_64 | 0.0.2 | 28.00 | 235.00 | 263.00 | NOTE | |
r-patched-linux-x86_64 | 0.0.2 | 28.35 | 312.29 | 340.64 | NOTE | |
r-release-linux-x86_64 | 0.0.2 | 26.88 | 310.60 | 337.48 | NOTE | |
r-release-macos-arm64 | 0.0.2 | 110.00 | NOTE | |||
r-release-macos-x86_64 | 0.0.2 | 183.00 | NOTE | |||
r-release-windows-x86_64 | 0.0.2 | 32.00 | 298.00 | 330.00 | NOTE | |
r-oldrel-macos-arm64 | 0.0.2 | 91.00 | NOTE | |||
r-oldrel-macos-x86_64 | 0.0.2 | 158.00 | NOTE | |||
r-oldrel-windows-x86_64 | 0.0.2 | 32.00 | 287.00 | 319.00 | OK |
Version: 0.0.2
Check: package subdirectories
Result: NOTE
Problems with news in ‘NEWS.md’:
No news entries found.
Flavors: r-devel-linux-x86_64-debian-clang, r-devel-linux-x86_64-debian-gcc, r-devel-linux-x86_64-fedora-clang, r-devel-linux-x86_64-fedora-gcc, r-devel-windows-x86_64, r-patched-linux-x86_64, r-release-linux-x86_64, r-release-macos-arm64, r-release-macos-x86_64, r-release-windows-x86_64
Version: 0.0.2
Check: Rd files
Result: NOTE
checkRd: (-1) pulse_of_the_nation.Rd:10: Escaped LaTeX specials: \$
Flavors: r-devel-linux-x86_64-debian-clang, r-devel-linux-x86_64-debian-gcc, r-devel-linux-x86_64-fedora-clang, r-devel-linux-x86_64-fedora-gcc, r-devel-windows-x86_64, r-patched-linux-x86_64, r-release-linux-x86_64, r-release-macos-arm64, r-release-macos-x86_64, r-release-windows-x86_64
Version: 0.0.2
Check: data for non-ASCII characters
Result: NOTE
Note: found 1924 marked UTF-8 strings
Flavors: r-devel-linux-x86_64-fedora-clang, r-devel-linux-x86_64-fedora-gcc, r-oldrel-macos-arm64, r-oldrel-macos-x86_64