Last updated on 2024-03-27 19:56:45 CET.
Flavor | Version | Tinstall | Tcheck | Ttotal | Status | Flags |
---|---|---|---|---|---|---|
r-devel-linux-x86_64-debian-clang | 1.0.1 | 886.89 | 411.37 | 1298.26 | NOTE | |
r-devel-linux-x86_64-debian-gcc | 1.0.1 | 783.64 | 378.65 | 1162.29 | NOTE | |
r-devel-linux-x86_64-fedora-clang | 1.0.1 | 1497.38 | NOTE | |||
r-devel-linux-x86_64-fedora-gcc | 1.0.1 | 2023.11 | NOTE | |||
r-devel-windows-x86_64 | 1.0.1 | 610.00 | 378.00 | 988.00 | NOTE | |
r-patched-linux-x86_64 | 1.0.1 | 680.09 | 506.67 | 1186.76 | NOTE | |
r-release-linux-x86_64 | 1.0.1 | 0.69 | 1.99 | 2.68 | ERROR | |
r-release-macos-arm64 | 1.0.1 | 364.00 | NOTE | |||
r-release-macos-x86_64 | 1.0.1 | 568.00 | NOTE | |||
r-release-windows-x86_64 | 1.0.1 | 813.00 | 491.00 | 1304.00 | NOTE | |
r-oldrel-macos-arm64 | 1.0.1 | 316.00 | NOTE | |||
r-oldrel-windows-x86_64 | 1.0.1 | 743.00 | 466.00 | 1209.00 | NOTE |
Version: 1.0.1
Check: for GNU extensions in Makefiles
Result: NOTE
GNU make is a SystemRequirements.
Flavors: r-devel-linux-x86_64-debian-clang, r-devel-linux-x86_64-debian-gcc, r-devel-linux-x86_64-fedora-clang, r-devel-linux-x86_64-fedora-gcc, r-devel-windows-x86_64, r-patched-linux-x86_64, r-release-macos-arm64, r-release-macos-x86_64, r-release-windows-x86_64, r-oldrel-macos-arm64, r-oldrel-windows-x86_64
Version: 1.0.1
Check: installed package size
Result: NOTE
installed size is 9.5Mb
sub-directories of 1Mb or more:
libs 8.0Mb
Flavors: r-devel-linux-x86_64-fedora-clang, r-devel-windows-x86_64, r-release-macos-arm64, r-release-macos-x86_64, r-release-windows-x86_64, r-oldrel-macos-arm64, r-oldrel-windows-x86_64
Version: 1.0.1
Check: dependencies in R code
Result: NOTE
Namespaces in Imports field not imported from:
‘RcppParallel’ ‘StanHeaders’ ‘astsa’
All declared Imports should be used.
Flavors: r-devel-linux-x86_64-fedora-clang, r-devel-linux-x86_64-fedora-gcc, r-oldrel-macos-arm64
Version: 1.0.1
Check: package dependencies
Result: ERROR
Package required but not available: ‘prophet’
See section ‘The DESCRIPTION file’ in the ‘Writing R Extensions’
manual.
Flavor: r-release-linux-x86_64