Last updated on 2024-03-28 19:48:25 CET.
Flavor | Version | Tinstall | Tcheck | Ttotal | Status | Flags |
---|---|---|---|---|---|---|
r-devel-linux-x86_64-debian-clang | 0.2.2 | 1.95 | 36.47 | 38.42 | NOTE | |
r-devel-linux-x86_64-debian-gcc | 0.2.2 | 2.01 | 27.41 | 29.42 | NOTE | |
r-devel-linux-x86_64-fedora-clang | 0.2.2 | 49.64 | NOTE | |||
r-devel-linux-x86_64-fedora-gcc | 0.2.2 | 48.78 | NOTE | |||
r-devel-windows-x86_64 | 0.2.2 | 3.00 | 49.00 | 52.00 | NOTE | |
r-patched-linux-x86_64 | 0.2.2 | 3.03 | 35.57 | 38.60 | NOTE | |
r-release-linux-x86_64 | 0.2.2 | 2.16 | 34.12 | 36.28 | NOTE | |
r-release-macos-arm64 | 0.2.2 | 21.00 | NOTE | |||
r-release-macos-x86_64 | 0.2.2 | 29.00 | NOTE | |||
r-release-windows-x86_64 | 0.2.2 | 3.00 | 53.00 | 56.00 | NOTE | |
r-oldrel-macos-arm64 | 0.2.2 | 22.00 | NOTE | |||
r-oldrel-windows-x86_64 | 0.2.2 | 4.00 | 54.00 | 58.00 | NOTE |
Version: 0.2.2
Check: LazyData
Result: NOTE
'LazyData' is specified without a 'data' directory
Flavors: r-devel-linux-x86_64-debian-clang, r-devel-linux-x86_64-debian-gcc, r-devel-linux-x86_64-fedora-clang, r-devel-linux-x86_64-fedora-gcc, r-devel-windows-x86_64, r-patched-linux-x86_64, r-release-linux-x86_64, r-release-macos-arm64, r-release-macos-x86_64, r-release-windows-x86_64, r-oldrel-macos-arm64, r-oldrel-windows-x86_64