Last updated on 2023-01-26 19:49:21 CET.
Flavor | Version | Tinstall | Tcheck | Ttotal | Status | Flags |
---|---|---|---|---|---|---|
r-devel-linux-x86_64-debian-clang | 0.0.4 | 121.46 | 88.00 | 209.46 | NOTE | |
r-devel-linux-x86_64-debian-gcc | 0.0.4 | 103.88 | 71.22 | 175.10 | NOTE | |
r-devel-linux-x86_64-fedora-clang | 0.0.4 | 285.93 | NOTE | |||
r-devel-linux-x86_64-fedora-gcc | 0.0.4 | 300.59 | NOTE | |||
r-devel-windows-x86_64 | 0.0.4 | 106.00 | 141.00 | 247.00 | NOTE | |
r-patched-linux-x86_64 | 0.0.4 | 108.35 | 90.66 | 199.01 | NOTE | |
r-release-linux-x86_64 | 0.0.4 | 96.17 | 91.99 | 188.16 | NOTE | |
r-release-macos-arm64 | 0.0.4 | 80.00 | NOTE | |||
r-release-macos-x86_64 | 0.0.4 | 123.00 | NOTE | |||
r-release-windows-x86_64 | 0.0.4 | 98.00 | 149.00 | 247.00 | NOTE | |
r-oldrel-macos-arm64 | 0.0.4 | 77.00 | NOTE | |||
r-oldrel-macos-x86_64 | 0.0.4 | 121.00 | NOTE | |||
r-oldrel-windows-ix86+x86_64 | 0.0.4 | 302.00 | 306.00 | 608.00 | NOTE |
Version: 0.0.4
Check: for GNU extensions in Makefiles
Result: NOTE
GNU make is a SystemRequirements.
Flavors: r-devel-linux-x86_64-debian-clang, r-devel-linux-x86_64-debian-gcc, r-devel-linux-x86_64-fedora-clang, r-devel-linux-x86_64-fedora-gcc, r-devel-windows-x86_64, r-patched-linux-x86_64, r-release-linux-x86_64, r-release-macos-arm64, r-release-macos-x86_64, r-release-windows-x86_64, r-oldrel-macos-arm64, r-oldrel-macos-x86_64, r-oldrel-windows-ix86+x86_64
Version: 0.0.4
Check: C++ specification
Result: NOTE
Specified C++14: please update to current default of C++17
Flavor: r-devel-linux-x86_64-fedora-gcc
Version: 0.0.4
Check: installed package size
Result: NOTE
installed size is 33.1Mb
sub-directories of 1Mb or more:
libs 32.9Mb
Flavors: r-release-macos-arm64, r-release-macos-x86_64, r-oldrel-macos-arm64, r-oldrel-macos-x86_64