Last updated on 2024-04-19 20:56:32 CEST.
Flavor | Version | Tinstall | Tcheck | Ttotal | Status | Flags |
---|---|---|---|---|---|---|
r-devel-linux-x86_64-debian-clang | 0.1.0 | 7.37 | 157.18 | 164.55 | OK | |
r-devel-linux-x86_64-debian-gcc | 0.1.0 | OK | ||||
r-devel-linux-x86_64-fedora-clang | 0.1.0 | 202.88 | NOTE | |||
r-devel-linux-x86_64-fedora-gcc | 0.1.0 | 204.84 | NOTE | |||
r-prerel-macos-arm64 | 0.1.0 | 59.00 | OK | |||
r-prerel-windows-x86_64 | 0.1.0 | 8.00 | 111.00 | 119.00 | OK | |
r-patched-linux-x86_64 | 0.1.0 | 4.98 | 149.06 | 154.04 | OK | |
r-release-linux-x86_64 | 0.1.0 | 4.59 | 145.73 | 150.32 | OK | |
r-release-macos-arm64 | 0.1.0 | 61.00 | OK | |||
r-release-macos-x86_64 | 0.1.0 | 105.00 | OK | |||
r-release-windows-x86_64 | 0.1.0 | 10.00 | 145.00 | 155.00 | OK | |
r-oldrel-macos-arm64 | 0.1.0 | 97.00 | NOTE | |||
r-oldrel-windows-x86_64 | 0.1.0 | 10.00 | 144.00 | 154.00 | OK |
Version: 0.1.0
Check: dependencies in R code
Result: NOTE
Namespace in Imports field not imported from: ‘vtable’
All declared Imports should be used.
Flavors: r-devel-linux-x86_64-fedora-clang, r-devel-linux-x86_64-fedora-gcc, r-oldrel-macos-arm64