CRAN Package Check Results for Package batchtools

Last updated on 2022-12-03 23:01:23 CET.

Flavor Version Tinstall Tcheck Ttotal Status Flags
r-devel-linux-x86_64-debian-clang 0.9.15 15.66 165.44 181.10 OK
r-devel-linux-x86_64-debian-gcc 0.9.15 11.62 119.86 131.48 OK
r-devel-linux-x86_64-fedora-clang 0.9.15 230.89 NOTE
r-devel-linux-x86_64-fedora-gcc 0.9.15 219.10 OK
r-devel-windows-x86_64 0.9.15 82.00 240.00 322.00 OK
r-patched-linux-x86_64 0.9.15 18.47 145.30 163.77 OK
r-release-linux-x86_64 0.9.15 14.74 140.75 155.49 OK
r-release-macos-arm64 0.9.15 78.00 NOTE
r-release-macos-x86_64 0.9.15 104.00 NOTE
r-release-windows-x86_64 0.9.15 94.00 235.00 329.00 OK
r-oldrel-macos-arm64 0.9.15 93.00 NOTE
r-oldrel-macos-x86_64 0.9.15 125.00 NOTE
r-oldrel-windows-ix86+x86_64 0.9.15 32.00 326.00 358.00 OK

Check Details

Version: 0.9.15
Check: Rd cross-references
Result: NOTE
    Undeclared package ‘Rmpi’ in Rd xrefs
Flavor: r-devel-linux-x86_64-fedora-clang

Version: 0.9.15
Check: package dependencies
Result: NOTE
    Package suggested but not available for checking: ‘doMPI’
Flavors: r-release-macos-arm64, r-release-macos-x86_64, r-oldrel-macos-arm64, r-oldrel-macos-x86_64

Version: 0.9.15
Check: Rd cross-references
Result: NOTE
    Package unavailable to check Rd xrefs: ‘Rmpi’
Flavors: r-release-macos-arm64, r-release-macos-x86_64, r-oldrel-macos-arm64, r-oldrel-macos-x86_64