Last updated on 2023-06-08 21:52:01 CEST.
Flavor | Version | Tinstall | Tcheck | Ttotal | Status | Flags |
---|---|---|---|---|---|---|
r-devel-linux-x86_64-debian-clang | 2.0.0 | 331.12 | 101.03 | 432.15 | OK | |
r-devel-linux-x86_64-debian-gcc | 2.0.0 | 236.22 | 71.13 | 307.35 | OK | |
r-devel-linux-x86_64-fedora-clang | 2.0.0 | 613.92 | OK | |||
r-devel-linux-x86_64-fedora-gcc | 2.0.0 | 767.40 | OK | |||
r-devel-windows-x86_64 | 2.0.0 | 228.00 | 129.00 | 357.00 | OK | |
r-patched-linux-x86_64 | 2.0.0 | 200.78 | 90.11 | 290.89 | OK | |
r-release-linux-x86_64 | 2.0.0 | 198.90 | 92.76 | 291.66 | OK | |
r-release-macos-arm64 | 2.0.0 | 159.00 | NOTE | |||
r-release-macos-x86_64 | 1.0.1 | 305.00 | NOTE | |||
r-release-windows-x86_64 | 2.0.0 | 308.00 | 151.00 | 459.00 | OK | |
r-oldrel-macos-arm64 | 2.0.0 | 171.00 | NOTE | |||
r-oldrel-macos-x86_64 | 2.0.0 | 198.00 | NOTE | |||
r-oldrel-windows-x86_64 | 2.0.0 | 292.00 | 144.00 | 436.00 | OK |
Version: 2.0.0
Check: installed package size
Result: NOTE
installed size is 13.8Mb
sub-directories of 1Mb or more:
libs 13.3Mb
Flavors: r-release-macos-arm64, r-oldrel-macos-arm64, r-oldrel-macos-x86_64
Version: 1.0.1
Check: C++ specification
Result: NOTE
Specified C++14: please drop specification unless essential
Flavor: r-release-macos-x86_64
Version: 1.0.1
Check: installed package size
Result: NOTE
installed size is 12.6Mb
sub-directories of 1Mb or more:
libs 12.1Mb
Flavor: r-release-macos-x86_64