CRAN Package Check Results for Package batchmix

Last updated on 2024-06-12 20:58:49 CEST.

Flavor Version Tinstall Tcheck Ttotal Status Flags
r-devel-linux-x86_64-debian-clang 2.2.1 259.53 264.64 524.17 OK
r-devel-linux-x86_64-debian-gcc 2.2.1 0.40 1.96 2.36 ERROR
r-devel-linux-x86_64-fedora-clang 2.2.1 858.23 OK
r-devel-linux-x86_64-fedora-gcc 2.2.1 694.97 OK
r-devel-windows-x86_64 2.2.1 192.00 213.00 405.00 OK
r-patched-linux-x86_64 2.2.1 212.19 220.51 432.70 OK
r-release-linux-x86_64 2.2.1 210.37 222.30 432.67 OK
r-release-macos-arm64 2.2.1 139.00 NOTE
r-release-macos-x86_64 2.2.1 207.00 NOTE
r-release-windows-x86_64 2.2.1 196.00 217.00 413.00 OK
r-oldrel-macos-arm64 2.2.1 139.00 NOTE
r-oldrel-macos-x86_64 2.2.1 208.00 NOTE
r-oldrel-windows-x86_64 2.2.1 232.00 253.00 485.00 OK

Check Details

Version: 2.2.1
Check: package dependencies
Result: ERROR Packages required but not available: 'tidyr', 'ggplot2' See section ‘The DESCRIPTION file’ in the ‘Writing R Extensions’ manual. Flavor: r-devel-linux-x86_64-debian-gcc

Version: 2.2.1
Check: installed package size
Result: NOTE installed size is 7.2Mb sub-directories of 1Mb or more: libs 6.8Mb Flavors: r-release-macos-arm64, r-release-macos-x86_64, r-oldrel-macos-arm64, r-oldrel-macos-x86_64