CRAN Package Check Results for Package batata

Last updated on 2023-12-03 20:51:03 CET.

Flavor Version Tinstall Tcheck Ttotal Status Flags
r-devel-linux-x86_64-debian-clang 0.2.1 2.26 28.15 30.41 NOTE
r-devel-linux-x86_64-debian-gcc 0.2.1 2.04 21.79 23.83 NOTE
r-devel-linux-x86_64-fedora-clang 0.2.1 43.16 NOTE
r-devel-linux-x86_64-fedora-gcc 0.2.1 51.97 NOTE
r-devel-windows-x86_64 0.2.1 4.00 47.00 51.00 NOTE
r-patched-linux-x86_64 0.2.1 2.60 27.54 30.14 NOTE
r-release-linux-x86_64 0.2.1 2.16 27.72 29.88 NOTE
r-release-macos-arm64 0.2.1 29.00 NOTE
r-release-macos-x86_64 0.2.1 56.00 NOTE
r-release-windows-x86_64 0.2.1 4.00 49.00 53.00 NOTE
r-oldrel-macos-arm64 0.2.1 18.00 NOTE
r-oldrel-macos-x86_64 0.2.1 30.00 NOTE
r-oldrel-windows-x86_64 0.2.1 4.00 49.00 53.00 NOTE

Check Details

Version: 0.2.1
Check: LazyData
Result: NOTE 'LazyData' is specified without a 'data' directory Flavors: r-devel-linux-x86_64-debian-clang, r-devel-linux-x86_64-debian-gcc, r-devel-linux-x86_64-fedora-clang, r-devel-linux-x86_64-fedora-gcc, r-devel-windows-x86_64, r-patched-linux-x86_64, r-release-linux-x86_64, r-release-macos-arm64, r-release-macos-x86_64, r-release-windows-x86_64, r-oldrel-macos-arm64, r-oldrel-macos-x86_64, r-oldrel-windows-x86_64