Last updated on 2024-04-23 20:51:58 CEST.
Flavor | Version | Tinstall | Tcheck | Ttotal | Status | Flags |
---|---|---|---|---|---|---|
r-devel-linux-x86_64-debian-clang | 1.2.1 | 4.85 | 28.75 | 33.60 | OK | |
r-devel-linux-x86_64-debian-gcc | 1.2.1 | 3.11 | 21.02 | 24.13 | OK | |
r-devel-linux-x86_64-fedora-clang | 1.2.1 | 40.20 | NOTE | |||
r-devel-linux-x86_64-fedora-gcc | 1.2.1 | 38.49 | OK | |||
r-prerel-macos-arm64 | 1.2.1 | 16.00 | NOTE | |||
r-prerel-windows-x86_64 | 1.2.1 | 4.00 | 33.00 | 37.00 | NOTE | |
r-patched-linux-x86_64 | 1.2.1 | 3.99 | 26.79 | 30.78 | OK | |
r-release-linux-x86_64 | 1.2.1 | 3.29 | 26.41 | 29.70 | OK | |
r-release-macos-arm64 | 1.2.1 | 19.00 | NOTE | |||
r-release-macos-x86_64 | 1.2.1 | 24.00 | NOTE | |||
r-release-windows-x86_64 | 1.2.1 | 5.00 | 38.00 | 43.00 | NOTE | |
r-oldrel-macos-arm64 | 1.2.1 | 16.00 | NOTE | |||
r-oldrel-windows-x86_64 | 1.2.1 | 7.00 | 43.00 | 50.00 | NOTE |
Version: 1.2.1
Check: installed package size
Result: NOTE
installed size is 9.4Mb
sub-directories of 1Mb or more:
java 9.4Mb
Flavors: r-devel-linux-x86_64-fedora-clang, r-prerel-macos-arm64, r-prerel-windows-x86_64, r-release-macos-arm64, r-release-macos-x86_64, r-release-windows-x86_64, r-oldrel-macos-arm64, r-oldrel-windows-x86_64