CRAN Package Check Results for Package bartMachine

Last updated on 2025-07-26 21:49:47 CEST.

Flavor Version Tinstall Tcheck Ttotal Status Flags
r-devel-linux-x86_64-debian-clang 1.3.4.1 5.69 64.01 69.70 NOTE
r-devel-linux-x86_64-debian-gcc 1.3.4.1 3.59 47.90 51.49 NOTE
r-devel-linux-x86_64-fedora-clang 1.3.4.1 110.73 OK
r-devel-linux-x86_64-fedora-gcc 1.3.4.1 121.59 OK
r-devel-windows-x86_64 1.3.4.1 7.00 121.00 128.00 OK
r-patched-linux-x86_64 1.3.4.1 7.07 61.18 68.25 OK
r-release-linux-x86_64 1.3.4.1 6.28 62.80 69.08 OK
r-release-macos-arm64 1.3.4.1 48.00 OK
r-release-macos-x86_64 1.3.4.1 80.00 OK
r-release-windows-x86_64 1.3.4.1 8.00 101.00 109.00 OK
r-oldrel-macos-arm64 1.3.4.1 45.00 OK
r-oldrel-macos-x86_64 1.3.4.1 79.00 OK
r-oldrel-windows-x86_64 1.3.4.1 10.00 108.00 118.00 OK

Check Details

Version: 1.3.4.1
Check: CRAN incoming feasibility
Result: NOTE Maintainer: ‘Adam Kapelner <kapelner@qc.cuny.edu>’ No Authors@R field in DESCRIPTION. Please add one, modifying Authors@R: c(person(given = "Adam", family = "Kapelner", role = c("aut", "cre"), email = "kapelner@qc.cuny.edu"), person(given = "Justin", family = "Bleich", role = "aut", comment = c(ROR = "R package"))) as necessary. Flavors: r-devel-linux-x86_64-debian-clang, r-devel-linux-x86_64-debian-gcc