Last updated on 2024-03-28 19:48:25 CET.
Flavor | Version | Tinstall | Tcheck | Ttotal | Status | Flags |
---|---|---|---|---|---|---|
r-devel-linux-x86_64-debian-clang | 1.0-6 | 6.55 | 82.50 | 89.05 | NOTE | |
r-devel-linux-x86_64-debian-gcc | 1.0-6 | 6.24 | 58.73 | 64.97 | NOTE | |
r-devel-linux-x86_64-fedora-clang | 1.0-6 | 113.62 | NOTE | |||
r-devel-linux-x86_64-fedora-gcc | 1.0-6 | 106.00 | NOTE | |||
r-devel-windows-x86_64 | 1.0-6 | 6.00 | 73.00 | 79.00 | NOTE | |
r-patched-linux-x86_64 | 1.0-6 | 11.38 | 81.22 | 92.60 | NOTE | |
r-release-linux-x86_64 | 1.0-6 | 8.18 | 81.23 | 89.41 | OK | |
r-release-macos-arm64 | 1.0-6 | 37.00 | OK | |||
r-release-macos-x86_64 | 1.0-6 | 53.00 | OK | |||
r-release-windows-x86_64 | 1.0-6 | 7.00 | 85.00 | 92.00 | OK | |
r-oldrel-macos-arm64 | 1.0-6 | 36.00 | OK | |||
r-oldrel-windows-x86_64 | 1.0-6 | 9.00 | 91.00 | 100.00 | OK |
Version: 1.0-6
Check: Rd files
Result: NOTE
checkRd: (-1) plot.Rd:61: Lost braces
61 | Argument to code{\link{hist}}.
| ^
checkRd: (-1) plot.Rd:126-128: Lost braces in \itemize; meant \describe ?
checkRd: (-1) plot.Rd:129: Lost braces in \itemize; meant \describe ?
checkRd: (-1) plot.Rd:130: Lost braces in \itemize; meant \describe ?
checkRd: (-1) plot.Rd:131: Lost braces in \itemize; meant \describe ?
checkRd: (-1) plot.Rd:132: Lost braces in \itemize; meant \describe ?
checkRd: (-1) plot.Rd:133: Lost braces in \itemize; meant \describe ?
checkRd: (-1) plot.Rd:134: Lost braces in \itemize; meant \describe ?
checkRd: (-1) plot.Rd:135: Lost braces in \itemize; meant \describe ?
checkRd: (-1) plot.Rd:136-137: Lost braces in \itemize; meant \describe ?
checkRd: (-1) plot.Rd:138: Lost braces in \itemize; meant \describe ?
checkRd: (-1) plot.Rd:139: Lost braces in \itemize; meant \describe ?
Flavors: r-devel-linux-x86_64-debian-clang, r-devel-linux-x86_64-debian-gcc, r-devel-linux-x86_64-fedora-clang, r-devel-linux-x86_64-fedora-gcc, r-devel-windows-x86_64, r-patched-linux-x86_64