Last updated on 2024-03-28 19:48:25 CET.
Flavor | Version | Tinstall | Tcheck | Ttotal | Status | Flags |
---|---|---|---|---|---|---|
r-devel-linux-x86_64-debian-clang | 0.0.9 | 4.50 | 25.68 | 30.18 | OK | |
r-devel-linux-x86_64-debian-gcc | 0.0.9 | 4.62 | 20.89 | 25.51 | OK | |
r-devel-linux-x86_64-fedora-clang | 0.0.9 | 42.78 | NOTE | |||
r-devel-linux-x86_64-fedora-gcc | 0.0.9 | 40.61 | NOTE | |||
r-devel-windows-x86_64 | 0.0.9 | 8.00 | 41.00 | 49.00 | OK | |
r-patched-linux-x86_64 | 0.0.9 | 4.48 | 25.21 | 29.69 | OK | |
r-release-linux-x86_64 | 0.0.9 | 5.82 | 24.69 | 30.51 | OK | |
r-release-macos-arm64 | 0.0.9 | 21.00 | NOTE | |||
r-release-macos-x86_64 | 0.0.9 | 29.00 | OK | |||
r-release-windows-x86_64 | 0.0.9 | 9.00 | 45.00 | 54.00 | OK | |
r-oldrel-macos-arm64 | 0.0.9 | 21.00 | OK | |||
r-oldrel-windows-x86_64 | 0.0.9 | 13.00 | 53.00 | 66.00 | OK |
Version: 0.0.9
Check: data for non-ASCII characters
Result: NOTE
Note: found 13825 marked UTF-8 strings
Flavors: r-devel-linux-x86_64-fedora-clang, r-devel-linux-x86_64-fedora-gcc
Version: 0.0.9
Check: installed package size
Result: NOTE
installed size is 5.4Mb
sub-directories of 1Mb or more:
data 5.3Mb
Flavor: r-release-macos-arm64