CRAN Package Check Results for Package bapred

Last updated on 2022-12-04 20:53:19 CET.

Flavor Version Tinstall Tcheck Ttotal Status Flags
r-devel-linux-x86_64-debian-clang 1.1 0.42 2.83 3.25 ERROR
r-devel-linux-x86_64-debian-gcc 1.1 31.30 249.10 280.40 OK
r-devel-linux-x86_64-fedora-clang 1.1 492.74 OK
r-devel-linux-x86_64-fedora-gcc 1.1 479.08 OK
r-devel-windows-x86_64 1.1 49.00 344.00 393.00 OK
r-patched-linux-x86_64 1.1 36.22 314.30 350.52 OK
r-release-linux-x86_64 1.1 38.27 327.39 365.66 OK
r-release-macos-arm64 1.1 120.00 NOTE
r-release-macos-x86_64 1.1 157.00 NOTE
r-release-windows-x86_64 1.1 56.00 373.00 429.00 OK
r-oldrel-macos-arm64 1.1 100.00 NOTE
r-oldrel-macos-x86_64 1.1 16.00 ERROR
r-oldrel-windows-ix86+x86_64 1.1 77.00 346.00 423.00 OK

Check Details

Version: 1.1
Check: package dependencies
Result: ERROR
    Package required but not available: 'sva'
    
    See section 'The DESCRIPTION file' in the 'Writing R Extensions'
    manual.
Flavor: r-devel-linux-x86_64-debian-clang

Version: 1.1
Check: package dependencies
Result: NOTE
    Package suggested but not available for checking: ‘ArrayExpress’
Flavors: r-release-macos-arm64, r-release-macos-x86_64, r-oldrel-macos-arm64, r-oldrel-macos-x86_64

Version: 1.1
Check: whether package can be installed
Result: ERROR
    Installation failed.
Flavor: r-oldrel-macos-x86_64