Last updated on 2025-11-25 20:50:45 CET.
| Flavor | Version | Tinstall | Tcheck | Ttotal | Status | Flags |
|---|---|---|---|---|---|---|
| r-devel-linux-x86_64-debian-clang | 1.0.0 | 0.35 | 3.05 | 3.40 | ERROR | |
| r-devel-linux-x86_64-debian-gcc | 1.0.0 | 0.32 | 2.41 | 2.73 | ERROR | |
| r-devel-linux-x86_64-fedora-clang | 1.0.0 | 2.97 | ERROR | |||
| r-devel-linux-x86_64-fedora-gcc | 1.0.0 | 2.69 | ERROR | |||
| r-devel-windows-x86_64 | 1.0.0 | 41.00 | 247.00 | 288.00 | OK | |
| r-patched-linux-x86_64 | 1.0.0 | 32.67 | 297.54 | 330.21 | OK | |
| r-release-linux-x86_64 | 1.0.0 | 31.97 | 299.60 | 331.57 | OK | |
| r-release-macos-arm64 | 1.0.0 | OK | ||||
| r-release-macos-x86_64 | 1.0.0 | 32.00 | 249.00 | 281.00 | OK | |
| r-release-windows-x86_64 | 1.0.0 | 38.00 | 266.00 | 304.00 | OK | |
| r-oldrel-macos-arm64 | 1.0.0 | NOTE | ||||
| r-oldrel-macos-x86_64 | 1.0.0 | 29.00 | 198.00 | 227.00 | NOTE | |
| r-oldrel-windows-x86_64 | 1.0.0 | 52.00 | 340.00 | 392.00 | NOTE |
Version: 1.0.0
Check: package dependencies
Result: ERROR
Package required but not available: ‘tmap’
See section ‘The DESCRIPTION file’ in the ‘Writing R Extensions’
manual.
Flavors: r-devel-linux-x86_64-debian-clang, r-devel-linux-x86_64-debian-gcc, r-devel-linux-x86_64-fedora-clang, r-devel-linux-x86_64-fedora-gcc
Version: 1.0.0
Check: installed package size
Result: NOTE
installed size is 5.7Mb
sub-directories of 1Mb or more:
data 4.9Mb
Flavors: r-oldrel-macos-arm64, r-oldrel-macos-x86_64, r-oldrel-windows-x86_64