CRAN Package Check Results for Package bamp

Last updated on 2022-09-28 21:51:32 CEST.

Flavor Version Tinstall Tcheck Ttotal Status Flags
r-devel-linux-x86_64-debian-clang 2.1.1 13.86 39.22 53.08 OK
r-devel-linux-x86_64-debian-gcc 2.1.1 9.23 30.63 39.86 OK
r-devel-linux-x86_64-fedora-clang 2.1.1 93.46 WARN
r-devel-linux-x86_64-fedora-gcc 2.1.1 77.22 OK
r-devel-windows-x86_64 2.1.1 27.00 82.00 109.00 OK
r-patched-linux-x86_64 2.1.1 12.36 37.28 49.64 OK
r-release-linux-x86_64 2.1.1 10.75 38.44 49.19 OK
r-release-macos-arm64 2.1.1 36.00 OK
r-release-macos-x86_64 2.1.1 37.00 OK
r-release-windows-x86_64 2.1.1 25.00 84.00 109.00 OK
r-oldrel-macos-arm64 2.1.1 35.00 OK
r-oldrel-macos-x86_64 2.1.1 36.00 OK
r-oldrel-windows-ix86+x86_64 2.1.1 41.00 88.00 129.00 OK

Additional issues

clang15 clang15

Check Details

Version: 2.1.1
Check: whether package can be installed
Result: WARN
    Found the following significant warnings:
     ./zz_ksi.h:8:34: warning: invalid UTF-8 in comment [-Winvalid-utf8]
     ./block.h:8:55: warning: invalid UTF-8 in comment [-Winvalid-utf8]
     ./block.h:11:16: warning: invalid UTF-8 in comment [-Winvalid-utf8]
     ./block.h:14:16: warning: invalid UTF-8 in comment [-Winvalid-utf8]
     ./block.h:18:16: warning: invalid UTF-8 in comment [-Winvalid-utf8]
     ./block.h:24:16: warning: invalid UTF-8 in comment [-Winvalid-utf8]
     ./praez.h:6:32: warning: invalid UTF-8 in comment [-Winvalid-utf8]
     ./praez.h:19:27: warning: invalid UTF-8 in comment [-Winvalid-utf8]
     ./mxs.h:5:13: warning: invalid UTF-8 in comment [-Winvalid-utf8]
     ./mxs.h:23:22: warning: invalid UTF-8 in comment [-Winvalid-utf8]
Flavor: r-devel-linux-x86_64-fedora-clang