CRAN Package Check Results for Package badger

Last updated on 2022-11-28 19:50:21 CET.

Flavor Version Tinstall Tcheck Ttotal Status Flags
r-devel-linux-x86_64-debian-clang 0.2.2 5.02 55.42 60.44 OK
r-devel-linux-x86_64-debian-gcc 0.2.2 4.65 41.82 46.47 OK
r-devel-linux-x86_64-fedora-clang 0.2.2 86.65 OK
r-devel-linux-x86_64-fedora-gcc 0.2.2 82.63 OK
r-devel-windows-x86_64 0.2.2 16.00 91.00 107.00 OK
r-patched-linux-x86_64 0.2.2 4.74 50.60 55.34 OK
r-release-linux-x86_64 0.2.2 5.40 52.41 57.81 OK
r-release-macos-arm64 0.2.2 30.00 OK
r-release-macos-x86_64 0.2.2 40.00 OK
r-release-windows-x86_64 0.2.2 14.00 91.00 105.00 OK
r-oldrel-macos-arm64 0.2.2 34.00 OK
r-oldrel-macos-x86_64 0.2.2 41.00 OK
r-oldrel-windows-ix86+x86_64 0.2.2 16.00 81.00 97.00 ERROR

Check Details

Version: 0.2.2
Check: tests
Result: ERROR
     Running 'testthat.R' [6s]
    Running the tests in 'tests/testthat.R' failed.
    Complete output:
     > library(testthat)
     > library(badger)
     >
     > test_check("badger")
     [ FAIL 1 | WARN 0 | SKIP 0 | PASS 13 ]
    
     == Failed tests ================================================================
     -- Error ('test-badges.R:90'): Other badges output as expected -----------------
     Error in `file(con, "r")`: cannot open the connection
     Backtrace:
     x
     1. +-testthat::expect_equal(...) at test-badges.R:90:2
     2. | \-testthat::quasi_label(enquo(object), label, arg = "object")
     3. | \-rlang::eval_bare(expr, quo_get_env(quo))
     4. \-badger::badge_sci_citation(...)
     5. +-base::suppressWarnings(readLines(url))
     6. | \-base::withCallingHandlers(...)
     7. \-base::readLines(url)
     8. \-base::file(con, "r")
    
     [ FAIL 1 | WARN 0 | SKIP 0 | PASS 13 ]
     Error: Test failures
     Execution halted
Flavor: r-oldrel-windows-ix86+x86_64