Last updated on 2024-03-27 19:56:45 CET.
Flavor | Version | Tinstall | Tcheck | Ttotal | Status | Flags |
---|---|---|---|---|---|---|
r-devel-linux-x86_64-debian-clang | 0.1.2 | 55.68 | 459.19 | 514.87 | NOTE | |
r-devel-linux-x86_64-debian-gcc | 0.1.2 | 43.65 | 354.96 | 398.61 | NOTE | |
r-devel-linux-x86_64-fedora-clang | 0.1.2 | 659.29 | NOTE | |||
r-devel-linux-x86_64-fedora-gcc | 0.1.2 | 664.69 | NOTE | |||
r-devel-windows-x86_64 | 0.1.2 | 55.00 | 416.00 | 471.00 | NOTE | |
r-patched-linux-x86_64 | 0.1.2 | 45.71 | 460.87 | 506.58 | NOTE | |
r-release-linux-x86_64 | 0.1.2 | 55.19 | 462.13 | 517.32 | NOTE | |
r-release-macos-arm64 | 0.1.2 | 190.00 | NOTE | |||
r-release-macos-x86_64 | 0.1.2 | 263.00 | NOTE | |||
r-release-windows-x86_64 | 0.1.2 | 69.00 | 535.00 | 604.00 | NOTE | |
r-oldrel-macos-arm64 | 0.1.2 | 176.00 | NOTE | |||
r-oldrel-windows-x86_64 | 0.1.2 | 57.00 | 526.00 | 583.00 | NOTE |
Version: 0.1.2
Check: package dependencies
Result: NOTE
Package suggested but not available for checking: ‘lixoftConnectors’
Flavors: r-devel-linux-x86_64-debian-clang, r-devel-linux-x86_64-debian-gcc, r-devel-linux-x86_64-fedora-clang, r-devel-linux-x86_64-fedora-gcc, r-devel-windows-x86_64, r-patched-linux-x86_64, r-release-linux-x86_64, r-release-macos-arm64, r-release-macos-x86_64, r-release-windows-x86_64, r-oldrel-macos-arm64, r-oldrel-windows-x86_64