Last updated on 2024-03-28 19:48:25 CET.
Flavor | Version | Tinstall | Tcheck | Ttotal | Status | Flags |
---|---|---|---|---|---|---|
r-devel-linux-x86_64-debian-clang | 1.0.6 | 9.00 | 133.54 | 142.54 | OK | |
r-devel-linux-x86_64-debian-gcc | 1.0.6 | 7.78 | 100.61 | 108.39 | OK | |
r-devel-linux-x86_64-fedora-clang | 1.0.6 | 179.75 | NOTE | |||
r-devel-linux-x86_64-fedora-gcc | 1.0.6 | 186.39 | OK | |||
r-devel-windows-x86_64 | 1.0.6 | 10.00 | 124.00 | 134.00 | OK | |
r-patched-linux-x86_64 | 1.0.6 | 13.96 | 130.33 | 144.29 | OK | |
r-release-linux-x86_64 | 1.0.6 | 7.93 | 130.88 | 138.81 | OK | |
r-release-macos-arm64 | 1.0.6 | 76.00 | OK | |||
r-release-macos-x86_64 | 1.0.6 | 118.00 | OK | |||
r-release-windows-x86_64 | 1.0.6 | 13.00 | 153.00 | 166.00 | OK | |
r-oldrel-macos-arm64 | 1.0.6 | 71.00 | OK | |||
r-oldrel-windows-x86_64 | 1.0.6 | 14.00 | 150.00 | 164.00 | OK |
Version: 1.0.6
Check: Rd cross-references
Result: NOTE
Undeclared package ‘Rraven’ in Rd xrefs
Flavor: r-devel-linux-x86_64-fedora-clang