CRAN Package Check Results for Package aws.transcribe

Last updated on 2025-07-10 20:50:20 CEST.

Flavor Version Tinstall Tcheck Ttotal Status Flags
r-devel-linux-x86_64-debian-clang 0.1.3 1.93 23.50 25.43 NOTE
r-devel-linux-x86_64-debian-gcc 0.1.3 1.48 20.25 21.73 NOTE
r-devel-linux-x86_64-fedora-clang 0.1.3 37.84 OK
r-devel-linux-x86_64-fedora-gcc 0.1.3 35.83 OK
r-devel-windows-x86_64 0.1.3 6.00 61.00 67.00 OK
r-patched-linux-x86_64 0.1.3 1.86 21.53 23.39 OK
r-release-linux-x86_64 0.1.3 1.74 21.11 22.85 OK
r-release-macos-arm64 0.1.3 29.00 OK
r-release-macos-x86_64 0.1.3 31.00 OK
r-release-windows-x86_64 0.1.3 5.00 63.00 68.00 OK
r-oldrel-macos-arm64 0.1.3 18.00 OK
r-oldrel-macos-x86_64 0.1.3 28.00 OK
r-oldrel-windows-x86_64 0.1.3 6.00 66.00 72.00 OK

Check Details

Version: 0.1.3
Check: CRAN incoming feasibility
Result: NOTE Maintainer: ‘Antoine Sachet <antoine.sac@gmail.com>’ Package CITATION file contains call(s) to old-style personList() or as.personList(). Please use c() on person objects instead. Package CITATION file contains call(s) to old-style citEntry(). Please use bibentry() instead. Flavors: r-devel-linux-x86_64-debian-clang, r-devel-linux-x86_64-debian-gcc