Last updated on 2025-11-23 20:48:41 CET.
| Flavor | Version | Tinstall | Tcheck | Ttotal | Status | Flags |
|---|---|---|---|---|---|---|
| r-devel-linux-x86_64-debian-clang | 1.3 | 5.09 | 53.82 | 58.91 | OK | |
| r-devel-linux-x86_64-debian-gcc | 1.3 | 3.32 | 42.30 | 45.62 | OK | |
| r-devel-linux-x86_64-fedora-clang | 1.3 | 88.77 | NOTE | |||
| r-devel-windows-x86_64 | 1.3 | 8.00 | 76.00 | 84.00 | OK | |
| r-patched-linux-x86_64 | 1.3 | 4.38 | 51.25 | 55.63 | OK | |
| r-release-linux-x86_64 | 1.3 | 5.01 | 51.26 | 56.27 | OK | |
| r-release-macos-arm64 | 1.3 | OK | ||||
| r-release-macos-x86_64 | 1.3 | 4.00 | 57.00 | 61.00 | OK | |
| r-release-windows-x86_64 | 1.3 | 9.00 | 73.00 | 82.00 | OK | |
| r-oldrel-macos-arm64 | 1.3 | OK | ||||
| r-oldrel-macos-x86_64 | 1.3 | 5.00 | 63.00 | 68.00 | OK | |
| r-oldrel-windows-x86_64 | 1.3 | 10.00 | 79.00 | 89.00 | OK |
Version: 1.3
Check: dependencies in R code
Result: NOTE
Namespaces in Imports field not imported from:
‘DT’ ‘bslib’ ‘rclipboard’ ‘rmarkdown’
All declared Imports should be used.
Flavor: r-devel-linux-x86_64-fedora-clang