CRAN Package Check Results for Package av

Last updated on 2022-09-28 21:51:32 CEST.

Flavor Version Tinstall Tcheck Ttotal Status Flags
r-devel-linux-x86_64-debian-clang 0.8.1 5.62 71.91 77.53 OK
r-devel-linux-x86_64-debian-gcc 0.8.1 4.25 55.99 60.24 OK
r-devel-linux-x86_64-fedora-clang 0.8.1 108.94 OK
r-devel-linux-x86_64-fedora-gcc 0.8.1 109.65 OK
r-devel-windows-x86_64 0.8.1 51.00 207.00 258.00 NOTE
r-patched-linux-x86_64 0.8.1 4.59 70.82 75.41 OK
r-release-linux-x86_64 0.8.1 4.86 70.17 75.03 OK
r-release-macos-arm64 0.8.1 45.00 NOTE
r-release-macos-x86_64 0.8.1 50.00 NOTE
r-release-windows-x86_64 0.8.1 64.00 218.00 282.00 NOTE
r-oldrel-macos-arm64 0.8.1 44.00 NOTE
r-oldrel-macos-x86_64 0.8.1 49.00 NOTE
r-oldrel-windows-ix86+x86_64 0.8.1 43.00 299.00 342.00 NOTE

Check Details

Version: 0.8.1
Check: installed package size
Result: NOTE
     installed size is 28.6Mb
     sub-directories of 1Mb or more:
     libs 27.8Mb
Flavors: r-devel-windows-x86_64, r-release-macos-arm64, r-release-macos-x86_64, r-release-windows-x86_64, r-oldrel-macos-arm64, r-oldrel-macos-x86_64, r-oldrel-windows-ix86+x86_64