Last updated on 2023-11-29 19:54:00 CET.
Flavor | Version | Tinstall | Tcheck | Ttotal | Status | Flags |
---|---|---|---|---|---|---|
r-devel-linux-x86_64-debian-clang | 1.4.1 | 31.81 | 64.02 | 95.83 | WARN | |
r-devel-linux-x86_64-debian-gcc | 1.4.1 | 23.55 | 48.57 | 72.12 | OK | |
r-devel-linux-x86_64-fedora-clang | 1.4.1 | 130.42 | WARN | |||
r-devel-linux-x86_64-fedora-gcc | 1.4.1 | 138.83 | OK | |||
r-devel-windows-x86_64 | 1.4.1 | 27.00 | 93.00 | 120.00 | OK | |
r-patched-linux-x86_64 | 1.4.1 | 27.59 | 61.63 | 89.22 | OK | |
r-release-linux-x86_64 | 1.4.1 | 22.44 | 61.26 | 83.70 | OK | |
r-release-macos-arm64 | 1.4.1 | 47.00 | OK | |||
r-release-macos-x86_64 | 1.4.1 | 75.00 | OK | |||
r-release-windows-x86_64 | 1.4.1 | 36.00 | 109.00 | 145.00 | OK | |
r-oldrel-macos-arm64 | 1.4.1 | 33.00 | OK | |||
r-oldrel-macos-x86_64 | 1.4.1 | 53.00 | OK | |||
r-oldrel-windows-x86_64 | 1.4.1 | 32.00 | 103.00 | 135.00 | OK |
Version: 1.4.1
Check: whether package can be installed
Result: WARN
Found the following significant warnings:
RcppExports.cpp:232:18: warning: format string is not a string literal (potentially insecure) [-Wformat-security]
RcppExports.cpp:266:18: warning: format string is not a string literal (potentially insecure) [-Wformat-security]
RcppExports.cpp:300:18: warning: format string is not a string literal (potentially insecure) [-Wformat-security]
RcppExports.cpp:334:18: warning: format string is not a string literal (potentially insecure) [-Wformat-security]
See ‘/home/hornik/tmp/R.check/r-devel-clang/Work/PKGS/autothresholdr.Rcheck/00install.out’ for details.
* used C++ compiler: ‘Debian clang version 17.0.5 (1)’
Flavor: r-devel-linux-x86_64-debian-clang
Version: 1.4.1
Check: whether package can be installed
Result: WARN
Found the following significant warnings:
RcppExports.cpp:232:18: warning: format string is not a string literal (potentially insecure) [-Wformat-security]
RcppExports.cpp:266:18: warning: format string is not a string literal (potentially insecure) [-Wformat-security]
RcppExports.cpp:300:18: warning: format string is not a string literal (potentially insecure) [-Wformat-security]
RcppExports.cpp:334:18: warning: format string is not a string literal (potentially insecure) [-Wformat-security]
See ‘/data/gannet/ripley/R/packages/tests-clang/autothresholdr.Rcheck/00install.out’ for details.
* used C++ compiler: ‘clang version 17.0.5’
Flavor: r-devel-linux-x86_64-fedora-clang