CRAN Package Check Results for Package automagic

Last updated on 2023-11-28 20:48:17 CET.

Flavor Version Tinstall Tcheck Ttotal Status Flags
r-devel-linux-x86_64-debian-clang 0.5.1 1.75 23.84 25.59 NOTE
r-devel-linux-x86_64-debian-gcc 0.5.1 1.55 18.78 20.33 NOTE
r-devel-linux-x86_64-fedora-clang 0.5.1 36.13 NOTE
r-devel-linux-x86_64-fedora-gcc 0.5.1 31.48 NOTE
r-devel-windows-x86_64 0.5.1 3.00 42.00 45.00 NOTE
r-patched-linux-x86_64 0.5.1 2.50 23.83 26.33 NOTE
r-release-linux-x86_64 0.5.1 2.13 23.72 25.85 NOTE
r-release-macos-arm64 0.5.1 15.00 NOTE
r-release-macos-x86_64 0.5.1 20.00 NOTE
r-release-windows-x86_64 0.5.1 4.00 41.00 45.00 NOTE
r-oldrel-macos-arm64 0.5.1 14.00 NOTE
r-oldrel-macos-x86_64 0.5.1 22.00 NOTE
r-oldrel-windows-x86_64 0.5.1 4.00 46.00 50.00 NOTE

Check Details

Version: 0.5.1
Check: LazyData
Result: NOTE 'LazyData' is specified without a 'data' directory Flavors: r-devel-linux-x86_64-debian-clang, r-devel-linux-x86_64-debian-gcc, r-devel-linux-x86_64-fedora-clang, r-devel-linux-x86_64-fedora-gcc, r-devel-windows-x86_64, r-patched-linux-x86_64, r-release-linux-x86_64, r-release-macos-arm64, r-release-macos-x86_64, r-release-windows-x86_64, r-oldrel-macos-arm64, r-oldrel-macos-x86_64, r-oldrel-windows-x86_64