CRAN Package Check Results for Package autoTS

Last updated on 2022-10-07 21:50:59 CEST.

Flavor Version Tinstall Tcheck Ttotal Status Flags
r-devel-linux-x86_64-debian-clang 0.9.11 3.51 84.16 87.67 NOTE
r-devel-linux-x86_64-debian-gcc 0.9.11 3.14 61.90 65.04 NOTE
r-devel-linux-x86_64-fedora-clang 0.9.11 116.85 NOTE
r-devel-linux-x86_64-fedora-gcc 0.9.11 111.78 NOTE
r-devel-windows-x86_64 0.9.11 13.00 119.00 132.00 NOTE
r-patched-linux-x86_64 0.9.11 3.18 79.68 82.86 NOTE
r-release-linux-x86_64 0.9.11 2.49 78.85 81.34 NOTE
r-release-macos-arm64 0.9.11 34.00 NOTE
r-release-macos-x86_64 0.9.11 55.00 NOTE
r-release-windows-x86_64 0.9.11 7.00 112.00 119.00 NOTE
r-oldrel-macos-arm64 0.9.11 49.00 NOTE
r-oldrel-macos-x86_64 0.9.11 46.00 NOTE
r-oldrel-windows-ix86+x86_64 0.9.11 12.00 108.00 120.00 NOTE

Check Details

Version: 0.9.11
Check: LazyData
Result: NOTE
     'LazyData' is specified without a 'data' directory
Flavors: r-devel-linux-x86_64-debian-clang, r-devel-linux-x86_64-debian-gcc, r-devel-linux-x86_64-fedora-clang, r-devel-linux-x86_64-fedora-gcc, r-devel-windows-x86_64, r-patched-linux-x86_64, r-release-linux-x86_64, r-release-macos-arm64, r-release-macos-x86_64, r-release-windows-x86_64, r-oldrel-macos-arm64, r-oldrel-macos-x86_64, r-oldrel-windows-ix86+x86_64

Version: 0.9.11
Check: dependencies in R code
Result: NOTE
    Namespaces in Imports field not imported from:
     ‘plotly’ ‘shinycssloaders’
     All declared Imports should be used.
Flavors: r-devel-linux-x86_64-fedora-clang, r-devel-linux-x86_64-fedora-gcc, r-release-macos-arm64, r-release-macos-x86_64, r-oldrel-macos-arm64, r-oldrel-macos-x86_64