Last updated on 2025-02-06 19:49:18 CET.
Flavor | Version | Tinstall | Tcheck | Ttotal | Status | Flags |
---|---|---|---|---|---|---|
r-devel-linux-x86_64-debian-clang | 0.9.11 | 2.77 | 74.52 | 77.29 | OK | |
r-devel-linux-x86_64-debian-gcc | 0.9.11 | 1.92 | 55.05 | 56.97 | OK | |
r-devel-linux-x86_64-fedora-clang | 0.9.11 | 127.54 | NOTE | |||
r-devel-linux-x86_64-fedora-gcc | 0.9.11 | 120.60 | NOTE | |||
r-devel-windows-x86_64 | 0.9.11 | 7.00 | 91.00 | 98.00 | OK | |
r-patched-linux-x86_64 | 0.9.11 | 3.17 | 71.38 | 74.55 | NOTE | |
r-release-linux-x86_64 | 0.9.11 | 2.91 | 71.20 | 74.11 | NOTE | |
r-release-macos-arm64 | 0.9.11 | 41.00 | NOTE | |||
r-release-macos-x86_64 | 0.9.11 | 90.00 | NOTE | |||
r-release-windows-x86_64 | 0.9.11 | 5.00 | 90.00 | 95.00 | NOTE | |
r-oldrel-macos-arm64 | 0.9.11 | 38.00 | NOTE | |||
r-oldrel-macos-x86_64 | 0.9.11 | 63.00 | NOTE | |||
r-oldrel-windows-x86_64 | 0.9.11 | 7.00 | 105.00 | 112.00 | NOTE |
Version: 0.9.11
Check: dependencies in R code
Result: NOTE
Namespaces in Imports field not imported from:
‘plotly’ ‘shinycssloaders’
All declared Imports should be used.
Flavors: r-devel-linux-x86_64-fedora-clang, r-devel-linux-x86_64-fedora-gcc
Version: 0.9.11
Check: LazyData
Result: NOTE
'LazyData' is specified without a 'data' directory
Flavors: r-patched-linux-x86_64, r-release-linux-x86_64, r-release-macos-arm64, r-release-macos-x86_64, r-release-windows-x86_64, r-oldrel-macos-arm64, r-oldrel-macos-x86_64, r-oldrel-windows-x86_64