Last updated on 2024-03-28 19:48:25 CET.
Flavor | Version | Tinstall | Tcheck | Ttotal | Status | Flags |
---|---|---|---|---|---|---|
r-devel-linux-x86_64-debian-clang | 0.9.1 | 56.86 | 487.49 | 544.35 | OK | |
r-devel-linux-x86_64-debian-gcc | 0.9.1 | 51.35 | 370.25 | 421.60 | OK | |
r-devel-linux-x86_64-fedora-clang | 0.9.1 | 756.77 | OK | |||
r-devel-linux-x86_64-fedora-gcc | 0.9.1 | 715.13 | OK | |||
r-devel-windows-x86_64 | 0.9.1 | 56.00 | 353.00 | 409.00 | OK | |
r-patched-linux-x86_64 | 0.9.1 | 43.87 | 475.42 | 519.29 | OK | |
r-release-linux-x86_64 | 0.9.1 | 48.59 | 489.90 | 538.49 | OK | |
r-release-macos-arm64 | 0.9.1 | 12.00 | ERROR | |||
r-release-macos-x86_64 | 0.9.1 | 10.00 | ERROR | |||
r-release-windows-x86_64 | 0.9.1 | 74.00 | 487.00 | 561.00 | OK | |
r-oldrel-macos-arm64 | 0.9.1 | 174.00 | OK | |||
r-oldrel-windows-x86_64 | 0.9.1 | 69.00 | 423.00 | 492.00 | OK |
Version: 0.9.1
Check: package dependencies
Result: ERROR
Package required but not available: ‘GSVA’
See section ‘The DESCRIPTION file’ in the ‘Writing R Extensions’
manual.
Flavors: r-release-macos-arm64, r-release-macos-x86_64