Last updated on 2025-05-03 21:51:10 CEST.
Flavor | Version | Tinstall | Tcheck | Ttotal | Status | Flags |
---|---|---|---|---|---|---|
r-devel-linux-x86_64-debian-clang | 1.4.3 | 62.71 | 98.20 | 160.91 | NOTE | |
r-devel-linux-x86_64-debian-gcc | 1.4.3 | 47.79 | 75.38 | 123.17 | NOTE | |
r-devel-linux-x86_64-fedora-clang | 1.4.3 | 262.62 | NOTE | |||
r-devel-linux-x86_64-fedora-gcc | 1.4.3 | 282.59 | NOTE | |||
r-devel-windows-x86_64 | 1.4.3 | 61.00 | 137.00 | 198.00 | NOTE | |
r-patched-linux-x86_64 | 1.4.3 | 64.20 | 99.67 | 163.87 | NOTE | |
r-release-linux-x86_64 | NOTE | |||||
r-release-macos-arm64 | 1.4.3 | 82.00 | NOTE | |||
r-release-macos-x86_64 | 1.4.3 | 153.00 | NOTE | |||
r-release-windows-x86_64 | 1.4.3 | 61.00 | 123.00 | 184.00 | NOTE | |
r-oldrel-macos-arm64 | 1.4.3 | 44.00 | NOTE | |||
r-oldrel-macos-x86_64 | 1.4.3 | 80.00 | NOTE | |||
r-oldrel-windows-x86_64 | 1.4.3 | 73.00 | 156.00 | 229.00 | NOTE |
Version: 1.4.3
Check: CRAN incoming feasibility
Result: NOTE
Maintainer: ‘ShengLi Tzeng <slt.cmu@gmail.com>’
No Authors@R field in DESCRIPTION.
Please add one, modifying
Authors@R: c(person(given = "ShengLi",
family = "Tzeng",
role = c("aut", "cre"),
email = "slt.cmu@gmail.com"),
person(given = "Hsin-Cheng",
family = "Huang",
role = "aut"),
person(given = "Wen-Ting",
family = "Wang",
role = "ctb"),
person(given = "Douglas",
family = "Nychka",
role = "ctb"),
person(given = "Colin",
family = "Gillespie",
role = "ctb"))
as necessary.
Flavors: r-devel-linux-x86_64-debian-clang, r-devel-linux-x86_64-debian-gcc
Version: 1.4.3
Check: C++ specification
Result: NOTE
Specified C++11: please drop specification unless essential
Flavors: r-devel-linux-x86_64-debian-clang, r-devel-linux-x86_64-debian-gcc, r-devel-linux-x86_64-fedora-clang, r-devel-linux-x86_64-fedora-gcc, r-devel-windows-x86_64, r-patched-linux-x86_64, r-release-linux-x86_64, r-release-macos-arm64, r-release-macos-x86_64, r-release-windows-x86_64, r-oldrel-macos-arm64, r-oldrel-macos-x86_64, r-oldrel-windows-x86_64
Version: 1.4.3
Check: installed package size
Result: NOTE
installed size is 26.7Mb
sub-directories of 1Mb or more:
libs 26.5Mb
Flavors: r-oldrel-macos-arm64, r-oldrel-macos-x86_64