CRAN Package Check Results for Package autoFRK

Last updated on 2022-11-25 19:49:46 CET.

Flavor Version Tinstall Tcheck Ttotal Status Flags
r-devel-linux-x86_64-debian-clang 1.4.3 71.61 143.24 214.85 OK
r-devel-linux-x86_64-debian-gcc 1.4.3 57.94 107.98 165.92 OK
r-devel-linux-x86_64-fedora-clang 1.4.3 281.40 OK
r-devel-linux-x86_64-fedora-gcc 1.4.3 274.80 OK
r-devel-windows-x86_64 1.4.3 72.00 182.00 254.00 OK
r-patched-linux-x86_64 1.4.3 OK
r-release-linux-x86_64 1.4.3 47.25 135.97 183.22 OK
r-release-macos-arm64 1.4.3 69.00 NOTE
r-release-macos-x86_64 1.4.3 118.00 NOTE
r-release-windows-x86_64 1.4.3 66.00 191.00 257.00 OK
r-oldrel-macos-arm64 1.4.3 82.00 NOTE
r-oldrel-macos-x86_64 1.4.3 103.00 NOTE
r-oldrel-windows-ix86+x86_64 1.4.3 149.00 209.00 358.00 OK

Check Details

Version: 1.4.3
Check: installed package size
Result: NOTE
     installed size is 18.3Mb
     sub-directories of 1Mb or more:
     libs 18.0Mb
Flavors: r-release-macos-arm64, r-release-macos-x86_64, r-oldrel-macos-arm64, r-oldrel-macos-x86_64