CRAN Package Check Results for Package auto.pca

Last updated on 2022-09-28 21:51:32 CEST.

Flavor Version Tinstall Tcheck Ttotal Status Flags
r-devel-linux-x86_64-debian-clang 0.3 2.70 31.53 34.23 NOTE
r-devel-linux-x86_64-debian-gcc 0.3 2.36 24.59 26.95 NOTE
r-devel-linux-x86_64-fedora-clang 0.3 55.58 NOTE
r-devel-linux-x86_64-fedora-gcc 0.3 54.56 NOTE
r-devel-windows-x86_64 0.3 8.00 56.00 64.00 NOTE
r-patched-linux-x86_64 0.3 3.03 30.62 33.65 NOTE
r-release-linux-x86_64 0.3 2.83 30.98 33.81 NOTE
r-release-macos-arm64 0.3 18.00 NOTE
r-release-macos-x86_64 0.3 24.00 NOTE
r-release-windows-x86_64 0.3 7.00 60.00 67.00 NOTE
r-oldrel-macos-arm64 0.3 24.00 NOTE
r-oldrel-macos-x86_64 0.3 31.00 NOTE
r-oldrel-windows-ix86+x86_64 0.3 7.00 53.00 60.00 NOTE

Check Details

Version: 0.3
Check: LazyData
Result: NOTE
     'LazyData' is specified without a 'data' directory
Flavors: r-devel-linux-x86_64-debian-clang, r-devel-linux-x86_64-debian-gcc, r-devel-linux-x86_64-fedora-clang, r-devel-linux-x86_64-fedora-gcc, r-devel-windows-x86_64, r-patched-linux-x86_64, r-release-linux-x86_64, r-release-macos-arm64, r-release-macos-x86_64, r-release-windows-x86_64, r-oldrel-macos-arm64, r-oldrel-macos-x86_64, r-oldrel-windows-ix86+x86_64