Last updated on 2023-10-04 20:42:21 CEST.
Flavor | Version | Tinstall | Tcheck | Ttotal | Status | Flags |
---|---|---|---|---|---|---|
r-devel-linux-x86_64-debian-clang | 0.3 | 3.06 | 30.78 | 33.84 | NOTE | |
r-devel-linux-x86_64-debian-gcc | 0.3 | 2.30 | 24.25 | 26.55 | NOTE | |
r-devel-linux-x86_64-fedora-clang | 0.3 | 43.06 | NOTE | |||
r-devel-linux-x86_64-fedora-gcc | 0.3 | 40.07 | NOTE | |||
r-devel-windows-x86_64 | 0.3 | 3.00 | 43.00 | 46.00 | NOTE | |
r-patched-linux-x86_64 | 0.3 | 2.10 | 29.60 | 31.70 | NOTE | |
r-release-linux-x86_64 | 0.3 | 3.23 | 29.93 | 33.16 | NOTE | |
r-release-macos-arm64 | 0.3 | 15.00 | NOTE | |||
r-release-macos-x86_64 | 0.3 | 26.00 | NOTE | |||
r-release-windows-x86_64 | 0.3 | 15.00 | 45.00 | 60.00 | NOTE | |
r-oldrel-macos-arm64 | 0.3 | 21.00 | NOTE | |||
r-oldrel-macos-x86_64 | 0.3 | 24.00 | NOTE | |||
r-oldrel-windows-x86_64 | 0.3 | 5.00 | 51.00 | 56.00 | NOTE |
Version: 0.3
Check: LazyData
Result: NOTE
'LazyData' is specified without a 'data' directory
Flavors: r-devel-linux-x86_64-debian-clang, r-devel-linux-x86_64-debian-gcc, r-devel-linux-x86_64-fedora-clang, r-devel-linux-x86_64-fedora-gcc, r-devel-windows-x86_64, r-patched-linux-x86_64, r-release-linux-x86_64, r-release-macos-arm64, r-release-macos-x86_64, r-release-windows-x86_64, r-oldrel-macos-arm64, r-oldrel-macos-x86_64, r-oldrel-windows-x86_64