Last updated on 2025-11-03 21:50:14 CET.
| Flavor | Version | Tinstall | Tcheck | Ttotal | Status | Flags | 
|---|---|---|---|---|---|---|
| r-devel-linux-x86_64-debian-clang | 0.1.7 | 18.74 | 261.66 | 280.40 | NOTE | |
| r-devel-linux-x86_64-debian-gcc | 0.1.7 | 12.41 | 143.80 | 156.21 | NOTE | |
| r-devel-linux-x86_64-fedora-clang | 0.1.7 | 121.00 | 295.12 | 416.12 | OK | |
| r-devel-linux-x86_64-fedora-gcc | 0.1.7 | 36.00 | 360.07 | 396.07 | OK | |
| r-devel-windows-x86_64 | 0.1.7 | 21.00 | 223.00 | 244.00 | OK | |
| r-patched-linux-x86_64 | 0.1.7 | 16.83 | 247.23 | 264.06 | OK | |
| r-release-linux-x86_64 | 0.1.7 | 15.32 | 188.03 | 203.35 | OK | |
| r-release-macos-arm64 | 0.1.7 | 10.00 | 126.00 | 136.00 | OK | |
| r-release-macos-x86_64 | 0.1.7 | 14.00 | 150.00 | 164.00 | OK | |
| r-release-windows-x86_64 | 0.1.7 | 19.00 | 216.00 | 235.00 | OK | |
| r-oldrel-macos-arm64 | 0.1.7 | 7.00 | 82.00 | 89.00 | OK | |
| r-oldrel-macos-x86_64 | 0.1.7 | 12.00 | 138.00 | 150.00 | OK | |
| r-oldrel-windows-x86_64 | 0.1.7 | 24.00 | 263.00 | 287.00 | OK | 
Version: 0.1.7
Check: DESCRIPTION meta-information
Result: NOTE
  Author field differs from that derived from Authors@R
    Author:    ‘J. Aravind [aut, cre] (<https://orcid.org/0000-0002-4791-442X>), S. Mukesh Sankar [aut] (<https://orcid.org/0000-0001-5459-392X>), Dhammaprakash Pandhari Wankhede [aut] (<https://orcid.org/0000-0001-6384-8664>), Vikender Kaur [aut] (<https://orcid.org/0000-0001-9698-7329>), ICAR-NBGPR [cph] (www.nbpgr.ernet.in)’
    Authors@R: ‘J. Aravind [aut, cre] (ORCID: <https://orcid.org/0000-0002-4791-442X>), S. Mukesh Sankar [aut] (ORCID: <https://orcid.org/0000-0001-5459-392X>), Dhammaprakash Pandhari Wankhede [aut] (ORCID: <https://orcid.org/0000-0001-6384-8664>), Vikender Kaur [aut] (ORCID: <https://orcid.org/0000-0001-9698-7329>), ICAR-NBGPR [cph] (url: www.nbpgr.ernet.in)’
Flavors: r-devel-linux-x86_64-debian-clang, r-devel-linux-x86_64-debian-gcc