Last updated on 2024-04-24 20:53:59 CEST.
Flavor | Version | Tinstall | Tcheck | Ttotal | Status | Flags |
---|---|---|---|---|---|---|
r-devel-linux-x86_64-debian-clang | 0.5.1 | 4.21 | 58.90 | 63.11 | OK | |
r-devel-linux-x86_64-debian-gcc | 0.5.1 | 3.31 | 43.93 | 47.24 | OK | |
r-devel-linux-x86_64-fedora-clang | 0.5.1 | 80.18 | NOTE | |||
r-devel-linux-x86_64-fedora-gcc | 0.5.1 | 75.88 | NOTE | |||
r-devel-windows-x86_64 | 0.5.1 | 7.00 | 64.00 | 71.00 | OK | |
r-patched-linux-x86_64 | 0.5.1 | 5.10 | 56.42 | 61.52 | OK | |
r-release-linux-x86_64 | 0.5.1 | 5.27 | 55.50 | 60.77 | OK | |
r-release-macos-arm64 | 0.5.1 | 28.00 | OK | |||
r-release-windows-x86_64 | 0.5.1 | 6.00 | 64.00 | 70.00 | OK | |
r-oldrel-macos-arm64 | 0.5.1 | 54.00 | OK | |||
r-oldrel-macos-x86_64 | 0.5.1 | 53.00 | OK | |||
r-oldrel-windows-x86_64 | 0.5.1 | 8.00 | 72.00 | 80.00 | OK |
Version: 0.5.1
Check: data for non-ASCII characters
Result: NOTE
Note: found 54582 marked UTF-8 strings
Flavors: r-devel-linux-x86_64-fedora-clang, r-devel-linux-x86_64-fedora-gcc