Last updated on 2024-04-23 20:51:57 CEST.
Flavor | Version | Tinstall | Tcheck | Ttotal | Status | Flags |
---|---|---|---|---|---|---|
r-devel-linux-x86_64-debian-clang | 2.0.1 | 17.93 | 152.30 | 170.23 | OK | |
r-devel-linux-x86_64-debian-gcc | 2.0.1 | 15.49 | 112.32 | 127.81 | OK | |
r-devel-linux-x86_64-fedora-clang | 2.0.1 | 216.01 | NOTE | |||
r-devel-linux-x86_64-fedora-gcc | 2.0.1 | 214.11 | NOTE | |||
r-prerel-macos-arm64 | 2.0.1 | 54.00 | OK | |||
r-prerel-windows-x86_64 | 2.0.1 | 17.00 | 111.00 | 128.00 | OK | |
r-patched-linux-x86_64 | 2.0.1 | 14.25 | 142.75 | 157.00 | OK | |
r-release-linux-x86_64 | 2.0.1 | 14.31 | 145.29 | 159.60 | OK | |
r-release-macos-arm64 | 2.0.1 | 59.00 | OK | |||
r-release-macos-x86_64 | 2.0.1 | 95.00 | OK | |||
r-release-windows-x86_64 | 2.0.1 | 22.00 | 141.00 | 163.00 | OK | |
r-oldrel-macos-arm64 | 2.0.1 | 58.00 | NOTE | |||
r-oldrel-windows-x86_64 | 2.0.1 | 21.00 | 134.00 | 155.00 | OK |
Version: 2.0.1
Check: data for non-ASCII characters
Result: NOTE
Note: found 1 marked UTF-8 string
Flavors: r-devel-linux-x86_64-fedora-clang, r-devel-linux-x86_64-fedora-gcc, r-oldrel-macos-arm64