Last updated on 2024-03-27 19:56:45 CET.
Flavor | Version | Tinstall | Tcheck | Ttotal | Status | Flags |
---|---|---|---|---|---|---|
r-devel-linux-x86_64-debian-clang | 2021.1.2 | 4.03 | 169.07 | 173.10 | OK | |
r-devel-linux-x86_64-debian-gcc | 2021.1.2 | 2.88 | 166.58 | 169.46 | OK | |
r-devel-linux-x86_64-fedora-clang | 2021.1.2 | 220.31 | NOTE | |||
r-devel-linux-x86_64-fedora-gcc | 2021.1.2 | 266.00 | NOTE | |||
r-devel-windows-x86_64 | 2021.1.2 | 5.00 | 161.00 | 166.00 | OK | |
r-patched-linux-x86_64 | 2021.1.2 | 3.39 | 218.24 | 221.63 | OK | |
r-release-linux-x86_64 | 2021.1.2 | 2.25 | 207.39 | 209.64 | OK | |
r-release-macos-arm64 | 2021.1.2 | 100.00 | OK | |||
r-release-macos-x86_64 | 2021.1.2 | 150.00 | OK | |||
r-release-windows-x86_64 | 2021.1.2 | 6.00 | 251.00 | 257.00 | OK | |
r-oldrel-macos-arm64 | 2021.1.2 | 78.00 | NOTE | |||
r-oldrel-windows-x86_64 | 2021.1.2 | 6.00 | 218.00 | 224.00 | OK |
Version: 2021.1.2
Check: dependencies in R code
Result: NOTE
Namespaces in Imports field not imported from:
‘dlnm’ ‘ggplot2’ ‘mvmeta’ ‘pbs’ ‘tsModel’
All declared Imports should be used.
Flavors: r-devel-linux-x86_64-fedora-clang, r-devel-linux-x86_64-fedora-gcc
Version: 2021.1.2
Check: dependencies in R code
Result: NOTE
Namespaces in Imports field not imported from:
‘dlnm’ ‘ggplot2’ ‘lubridate’ ‘mvmeta’ ‘pbs’ ‘tsModel’
All declared Imports should be used.
Flavor: r-oldrel-macos-arm64