Last updated on 2025-02-06 19:49:18 CET.
Flavor | Version | Tinstall | Tcheck | Ttotal | Status | Flags |
---|---|---|---|---|---|---|
r-devel-linux-x86_64-debian-clang | 1.0.0 | 1.97 | 29.24 | 31.21 | OK | |
r-devel-linux-x86_64-debian-gcc | 1.0.0 | 1.85 | 21.03 | 22.88 | OK | |
r-devel-linux-x86_64-fedora-clang | 1.0.0 | 53.58 | OK | |||
r-devel-linux-x86_64-fedora-gcc | 1.0.0 | 49.08 | OK | |||
r-devel-windows-x86_64 | 1.0.0 | 3.00 | 57.00 | 60.00 | OK | |
r-patched-linux-x86_64 | 1.0.0 | 2.17 | 27.52 | 29.69 | NOTE | |
r-release-linux-x86_64 | 1.0.0 | 1.62 | 27.14 | 28.76 | NOTE | |
r-release-macos-arm64 | 1.0.0 | 22.00 | NOTE | |||
r-release-macos-x86_64 | 1.0.0 | 26.00 | NOTE | |||
r-release-windows-x86_64 | 1.0.0 | 3.00 | 50.00 | 53.00 | NOTE | |
r-oldrel-macos-arm64 | 1.0.0 | 20.00 | NOTE | |||
r-oldrel-macos-x86_64 | 1.0.0 | 26.00 | NOTE | |||
r-oldrel-windows-x86_64 | 1.0.0 | 4.00 | 51.00 | 55.00 | NOTE |
Version: 1.0.0
Check: LazyData
Result: NOTE
'LazyData' is specified without a 'data' directory
Flavors: r-patched-linux-x86_64, r-release-linux-x86_64, r-release-macos-arm64, r-release-macos-x86_64, r-release-windows-x86_64, r-oldrel-macos-arm64, r-oldrel-macos-x86_64, r-oldrel-windows-x86_64