Last updated on 2024-07-26 20:49:53 CEST.
Flavor | Version | Tinstall | Tcheck | Ttotal | Status | Flags |
---|---|---|---|---|---|---|
r-devel-linux-x86_64-debian-clang | 1.1.2 | 31.06 | 82.89 | 113.95 | OK | |
r-devel-linux-x86_64-debian-gcc | 1.1.2 | 33.55 | 70.15 | 103.70 | OK | |
r-devel-linux-x86_64-fedora-clang | 1.1.2 | 148.09 | NOTE | |||
r-devel-linux-x86_64-fedora-gcc | 1.1.2 | 147.03 | NOTE | |||
r-devel-windows-x86_64 | 1.1.2 | 38.00 | 98.00 | 136.00 | OK | |
r-patched-linux-x86_64 | 1.1.2 | OK | ||||
r-release-linux-x86_64 | 1.1.2 | 32.21 | 78.56 | 110.77 | OK | |
r-release-macos-arm64 | 1.1.2 | 63.00 | OK | |||
r-release-macos-x86_64 | 1.1.2 | 94.00 | OK | |||
r-release-windows-x86_64 | 1.1.2 | 41.00 | 96.00 | 137.00 | OK | |
r-oldrel-macos-arm64 | 1.1.2 | 88.00 | OK | |||
r-oldrel-macos-x86_64 | 1.1.2 | 204.00 | OK | |||
r-oldrel-windows-x86_64 | 1.1.2 | 52.00 | 125.00 | 177.00 | OK |
Version: 1.1.2
Check: data for non-ASCII characters
Result: NOTE
Note: found 17 marked UTF-8 strings
Flavors: r-devel-linux-x86_64-fedora-clang, r-devel-linux-x86_64-fedora-gcc