CRAN Package Check Results for Package assertr

Last updated on 2022-10-07 21:50:59 CEST.

Flavor Version Tinstall Tcheck Ttotal Status Flags
r-devel-linux-x86_64-debian-clang 2.8 2.59 49.14 51.73 NOTE
r-devel-linux-x86_64-debian-gcc 2.8 2.05 36.81 38.86 NOTE
r-devel-linux-x86_64-fedora-clang 2.8 76.30 NOTE
r-devel-linux-x86_64-fedora-gcc 2.8 71.81 NOTE
r-devel-windows-x86_64 2.8 29.00 94.00 123.00 NOTE
r-patched-linux-x86_64 2.8 3.61 47.02 50.63 NOTE
r-release-linux-x86_64 2.8 2.55 45.84 48.39 NOTE
r-release-macos-arm64 2.8 27.00 NOTE
r-release-macos-x86_64 2.8 33.00 NOTE
r-release-windows-x86_64 2.8 29.00 81.00 110.00 NOTE
r-oldrel-macos-arm64 2.8 31.00 NOTE
r-oldrel-macos-x86_64 2.8 52.00 NOTE
r-oldrel-windows-ix86+x86_64 2.8 8.00 73.00 81.00 NOTE

Check Details

Version: 2.8
Check: LazyData
Result: NOTE
     'LazyData' is specified without a 'data' directory
Flavors: r-devel-linux-x86_64-debian-clang, r-devel-linux-x86_64-debian-gcc, r-devel-linux-x86_64-fedora-clang, r-devel-linux-x86_64-fedora-gcc, r-devel-windows-x86_64, r-patched-linux-x86_64, r-release-linux-x86_64, r-release-macos-arm64, r-release-macos-x86_64, r-release-windows-x86_64, r-oldrel-macos-arm64, r-oldrel-macos-x86_64, r-oldrel-windows-ix86+x86_64