CRAN Package Check Results for Package assertive.matrices

Last updated on 2022-10-05 21:53:28 CEST.

Flavor Version Tinstall Tcheck Ttotal Status Flags
r-devel-linux-x86_64-debian-clang 0.0-2 2.21 25.55 27.76 NOTE
r-devel-linux-x86_64-debian-gcc 0.0-2 1.72 19.88 21.60 NOTE
r-devel-linux-x86_64-fedora-clang 0.0-2 46.28 NOTE
r-devel-linux-x86_64-fedora-gcc 0.0-2 45.18 NOTE
r-devel-windows-x86_64 0.0-2 19.00 55.00 74.00 NOTE
r-patched-linux-x86_64 0.0-2 2.20 24.75 26.95 NOTE
r-release-linux-x86_64 0.0-2 2.03 24.21 26.24 NOTE
r-release-macos-arm64 0.0-2 18.00 NOTE
r-release-macos-x86_64 0.0-2 23.00 NOTE
r-release-windows-x86_64 0.0-2 13.00 50.00 63.00 NOTE
r-oldrel-macos-arm64 0.0-2 18.00 NOTE
r-oldrel-macos-x86_64 0.0-2 27.00 NOTE
r-oldrel-windows-ix86+x86_64 0.0-2 5.00 48.00 53.00 NOTE

Check Details

Version: 0.0-2
Check: LazyData
Result: NOTE
     'LazyData' is specified without a 'data' directory
Flavors: r-devel-linux-x86_64-debian-clang, r-devel-linux-x86_64-debian-gcc, r-devel-linux-x86_64-fedora-clang, r-devel-linux-x86_64-fedora-gcc, r-devel-windows-x86_64, r-patched-linux-x86_64, r-release-linux-x86_64, r-release-macos-arm64, r-release-macos-x86_64, r-release-windows-x86_64, r-oldrel-macos-arm64, r-oldrel-macos-x86_64, r-oldrel-windows-ix86+x86_64