CRAN Package Check Results for Package assertive

Last updated on 2022-11-29 20:52:54 CET.

Flavor Version Tinstall Tcheck Ttotal Status Flags
r-devel-linux-x86_64-debian-clang 0.3-6 4.29 44.16 48.45 NOTE
r-devel-linux-x86_64-debian-gcc 0.3-6 3.42 33.76 37.18 NOTE
r-devel-linux-x86_64-fedora-clang 0.3-6 70.75 NOTE
r-devel-linux-x86_64-fedora-gcc 0.3-6 75.42 NOTE
r-devel-windows-x86_64 0.3-6 51.00 119.00 170.00 NOTE
r-patched-linux-x86_64 0.3-6 5.77 40.27 46.04 NOTE
r-release-linux-x86_64 0.3-6 4.41 41.64 46.05 NOTE
r-release-macos-arm64 0.3-6 25.00 NOTE
r-release-macos-x86_64 0.3-6 37.00 NOTE
r-release-windows-x86_64 0.3-6 66.00 92.00 158.00 NOTE
r-oldrel-macos-arm64 0.3-6 34.00 NOTE
r-oldrel-macos-x86_64 0.3-6 50.00 NOTE
r-oldrel-windows-ix86+x86_64 0.3-6 11.00 69.00 80.00 NOTE

Check Details

Version: 0.3-6
Check: LazyData
Result: NOTE
     'LazyData' is specified without a 'data' directory
Flavors: r-devel-linux-x86_64-debian-clang, r-devel-linux-x86_64-debian-gcc, r-devel-linux-x86_64-fedora-clang, r-devel-linux-x86_64-fedora-gcc, r-devel-windows-x86_64, r-patched-linux-x86_64, r-release-linux-x86_64, r-release-macos-arm64, r-release-macos-x86_64, r-release-windows-x86_64, r-oldrel-macos-arm64, r-oldrel-macos-x86_64, r-oldrel-windows-ix86+x86_64