Last updated on 2025-05-08 20:49:29 CEST.
Flavor | Version | Tinstall | Tcheck | Ttotal | Status | Flags |
---|---|---|---|---|---|---|
r-devel-linux-x86_64-debian-clang | 0.2.0 | 1.67 | 25.59 | 27.26 | NOTE | |
r-devel-linux-x86_64-debian-gcc | 0.2.0 | 1.37 | 21.33 | 22.70 | NOTE | |
r-devel-linux-x86_64-fedora-clang | 0.2.0 | 43.64 | OK | |||
r-devel-linux-x86_64-fedora-gcc | 0.2.0 | 54.66 | OK | |||
r-devel-windows-x86_64 | 0.2.0 | 2.00 | 48.00 | 50.00 | OK | |
r-patched-linux-x86_64 | 0.2.0 | 1.73 | 24.11 | 25.84 | OK | |
r-release-linux-x86_64 | 0.2.0 | 1.61 | 24.18 | 25.79 | OK | |
r-release-macos-arm64 | 0.2.0 | 25.00 | OK | |||
r-release-macos-x86_64 | 0.2.0 | 43.00 | OK | |||
r-release-windows-x86_64 | 0.2.0 | 3.00 | 49.00 | 52.00 | OK | |
r-oldrel-macos-arm64 | 0.2.0 | 27.00 | OK | |||
r-oldrel-macos-x86_64 | 0.2.0 | 53.00 | OK | |||
r-oldrel-windows-x86_64 | 0.2.0 | 3.00 | 51.00 | 54.00 | OK |
Version: 0.2.0
Check: CRAN incoming feasibility
Result: NOTE
Maintainer: ‘Matt Wayland <mw283@cam.ac.uk>’
No Authors@R field in DESCRIPTION.
Please add one, modifying
Authors@R: person(given = "Matt",
family = "Wayland",
role = c("aut", "cre"),
email = "mw283@cam.ac.uk")
as necessary.
Flavors: r-devel-linux-x86_64-debian-clang, r-devel-linux-x86_64-debian-gcc