Last updated on 2024-04-18 21:56:44 CEST.
Flavor | Version | Tinstall | Tcheck | Ttotal | Status | Flags |
---|---|---|---|---|---|---|
r-devel-linux-x86_64-debian-clang | 1.0.0 | 4.47 | 30.72 | 35.19 | NOTE | |
r-devel-linux-x86_64-debian-gcc | 1.0.0 | 4.13 | 23.64 | 27.77 | NOTE | |
r-devel-linux-x86_64-fedora-clang | 1.0.0 | 44.65 | NOTE | |||
r-devel-linux-x86_64-fedora-gcc | 1.0.0 | 44.02 | NOTE | |||
r-prerel-macos-arm64 | 1.0.0 | 18.00 | NOTE | |||
r-prerel-windows-x86_64 | 1.0.0 | 6.00 | 49.00 | 55.00 | NOTE | |
r-patched-linux-x86_64 | 1.0.0 | 4.66 | 29.99 | 34.65 | NOTE | |
r-release-linux-x86_64 | 1.0.0 | 4.11 | 30.71 | 34.82 | NOTE | |
r-release-macos-arm64 | 1.0.0 | 22.00 | NOTE | |||
r-release-macos-x86_64 | 1.0.0 | 29.00 | NOTE | |||
r-release-windows-x86_64 | 1.0.0 | 7.00 | 55.00 | 62.00 | NOTE | |
r-oldrel-macos-arm64 | 1.0.0 | 22.00 | OK | |||
r-oldrel-windows-x86_64 | 1.0.0 | 9.00 | 52.00 | 61.00 | OK |
Version: 1.0.0
Check: Rd files
Result: NOTE
checkRd: (-1) breast_cancer_clean_features.Rd:45: Escaped LaTeX specials: \&
Flavors: r-devel-linux-x86_64-debian-clang, r-devel-linux-x86_64-debian-gcc, r-devel-linux-x86_64-fedora-clang, r-devel-linux-x86_64-fedora-gcc, r-prerel-macos-arm64, r-prerel-windows-x86_64, r-patched-linux-x86_64, r-release-linux-x86_64, r-release-macos-arm64, r-release-macos-x86_64, r-release-windows-x86_64
Version: 1.0.0
Check: data for non-ASCII characters
Result: NOTE
Note: found 328 marked UTF-8 strings
Flavors: r-devel-linux-x86_64-fedora-clang, r-devel-linux-x86_64-fedora-gcc