Last updated on 2025-01-24 19:48:22 CET.
Flavor | Version | Tinstall | Tcheck | Ttotal | Status | Flags |
---|---|---|---|---|---|---|
r-devel-linux-x86_64-debian-clang | 3.3.1 | 27.99 | 171.18 | 199.17 | NOTE | |
r-devel-linux-x86_64-debian-gcc | 3.3.1 | 16.08 | 110.13 | 126.21 | NOTE | |
r-devel-linux-x86_64-fedora-clang | 3.3.1 | 319.07 | OK | |||
r-devel-linux-x86_64-fedora-gcc | 3.3.1 | 297.81 | OK | |||
r-devel-windows-x86_64 | 3.3.1 | 28.00 | 194.00 | 222.00 | NOTE | |
r-patched-linux-x86_64 | 3.3.1 | 35.01 | 156.91 | 191.92 | NOTE | |
r-release-linux-x86_64 | 3.3.1 | 24.45 | 156.01 | 180.46 | NOTE | |
r-release-macos-arm64 | 3.3.1 | 72.00 | NOTE | |||
r-release-macos-x86_64 | 3.3.1 | 119.00 | NOTE | |||
r-release-windows-x86_64 | 3.3.1 | 27.00 | 181.00 | 208.00 | NOTE | |
r-oldrel-macos-arm64 | 3.3.1 | 101.00 | NOTE | |||
r-oldrel-macos-x86_64 | 3.3.1 | 188.00 | NOTE | |||
r-oldrel-windows-x86_64 | 3.3.1 | 36.00 | 224.00 | 260.00 | NOTE |
Version: 3.3.1
Check: Rd cross-references
Result: NOTE
Found the following Rd file(s) with Rd \link{} targets missing package
anchors:
writeDataFrame.AromaUnitSignalBinaryFile.Rd: TabularTextFile
writeDataFrame.AromaUnitSignalBinarySet.Rd: TabularTextFileSet
writeDataFrame.AromaUnitTabularBinaryFile.Rd: TabularTextFile
Please provide package anchors for all Rd \link{} targets not in the
package itself and the base packages.
Package unavailable to check Rd xrefs: ‘GLAD’
Flavors: r-devel-linux-x86_64-debian-clang, r-devel-linux-x86_64-debian-gcc
Version: 3.3.1
Check: Rd cross-references
Result: NOTE
Found the following Rd file(s) with Rd \link{} targets missing package
anchors:
writeDataFrame.AromaUnitSignalBinaryFile.Rd: TabularTextFile
writeDataFrame.AromaUnitSignalBinarySet.Rd: TabularTextFileSet
writeDataFrame.AromaUnitTabularBinaryFile.Rd: TabularTextFile
Please provide package anchors for all Rd \link{} targets not in the
package itself and the base packages.
Flavor: r-devel-windows-x86_64
Version: 3.3.1
Check: package dependencies
Result: NOTE
Packages suggested but not available for checking:
'sfit', 'expectile', 'HaarSeg', 'mpcbs'
Flavors: r-patched-linux-x86_64, r-release-linux-x86_64, r-release-macos-arm64, r-release-macos-x86_64, r-release-windows-x86_64, r-oldrel-windows-x86_64
Version: 3.3.1
Check: package dependencies
Result: NOTE
Packages suggested but not available for checking:
'GLAD', 'sfit', 'expectile', 'HaarSeg', 'mpcbs'
Flavors: r-oldrel-macos-arm64, r-oldrel-macos-x86_64
Version: 3.3.1
Check: Rd cross-references
Result: NOTE
Package unavailable to check Rd xrefs: ‘GLAD’
Flavors: r-oldrel-macos-arm64, r-oldrel-macos-x86_64