Last updated on 2023-09-22 20:51:46 CEST.
Flavor | Version | Tinstall | Tcheck | Ttotal | Status | Flags |
---|---|---|---|---|---|---|
r-devel-linux-x86_64-debian-clang | 1.7.0 | 12.25 | 88.95 | 101.20 | NOTE | |
r-devel-linux-x86_64-debian-gcc | 1.7.0 | 12.12 | 66.07 | 78.19 | NOTE | |
r-devel-linux-x86_64-fedora-clang | 1.7.0 | 125.62 | NOTE | |||
r-devel-linux-x86_64-fedora-gcc | 1.7.0 | 128.28 | NOTE | |||
r-devel-windows-x86_64 | 1.7.0 | 14.00 | 85.00 | 99.00 | NOTE | |
r-patched-linux-x86_64 | 1.7.0 | 12.43 | 85.87 | 98.30 | OK | |
r-release-linux-x86_64 | 1.7.0 | 14.79 | 87.23 | 102.02 | OK | |
r-release-macos-arm64 | 1.7.0 | 5.00 | ERROR | |||
r-release-macos-x86_64 | 1.7.0 | 67.00 | NOTE | |||
r-release-windows-x86_64 | 1.7.0 | 16.00 | 101.00 | 117.00 | OK | |
r-oldrel-macos-arm64 | 1.7.0 | 39.00 | OK | |||
r-oldrel-macos-x86_64 | 1.7.0 | 50.00 | OK | |||
r-oldrel-windows-x86_64 | 1.7.0 | 17.00 | 97.00 | 114.00 | OK |
Version: 1.7.0
Check: Rd \usage sections
Result: NOTE
Documented arguments not in \usage in documentation object 'fitOne.MultiSourceCopyNumberNormalization':
‘name’
Functions with \usage entries need to have the appropriate \alias
entries, and all their arguments documented.
The \usage entries must correspond to syntactically valid R code.
See chapter ‘Writing R documentation files’ in the ‘Writing R
Extensions’ manual.
Flavors: r-devel-linux-x86_64-debian-clang, r-devel-linux-x86_64-debian-gcc, r-devel-linux-x86_64-fedora-clang, r-devel-linux-x86_64-fedora-gcc, r-devel-windows-x86_64
Version: 1.7.0
Check: package dependencies
Result: ERROR
Packages required but not available: 'aroma.core', 'PSCBS'
Packages suggested but not available for checking: 'aroma.light', 'GLAD'
See section ‘The DESCRIPTION file’ in the ‘Writing R Extensions’
manual.
Flavor: r-release-macos-arm64
Version: 1.7.0
Check: package dependencies
Result: NOTE
Package suggested but not available for checking: ‘GLAD’
Flavor: r-release-macos-x86_64