Last updated on 2024-07-17 20:56:54 CEST.
Flavor | Version | Tinstall | Tcheck | Ttotal | Status | Flags |
---|---|---|---|---|---|---|
r-devel-linux-x86_64-debian-clang | 3.2.2 | 56.87 | 372.39 | 429.26 | OK | |
r-devel-linux-x86_64-debian-gcc | 3.2.2 | 49.71 | 256.88 | 306.59 | OK | |
r-devel-linux-x86_64-fedora-clang | 3.2.2 | 515.60 | NOTE | |||
r-devel-linux-x86_64-fedora-gcc | 3.2.2 | 486.95 | OK | |||
r-devel-windows-x86_64 | 3.2.2 | 57.00 | 284.00 | 341.00 | NOTE | |
r-patched-linux-x86_64 | 3.2.2 | 80.04 | 348.81 | 428.85 | OK | |
r-release-linux-x86_64 | 3.2.2 | 61.04 | 339.50 | 400.54 | OK | |
r-release-macos-arm64 | 3.2.2 | 100.00 | NOTE | |||
r-release-macos-x86_64 | 3.2.2 | 175.00 | NOTE | |||
r-release-windows-x86_64 | 3.2.2 | 54.00 | 281.00 | 335.00 | NOTE | |
r-oldrel-macos-arm64 | 3.2.2 | 124.00 | NOTE | |||
r-oldrel-macos-x86_64 | 3.2.2 | 228.00 | NOTE | |||
r-oldrel-windows-x86_64 | 3.2.2 | 74.00 | 352.00 | 426.00 | NOTE |
Version: 3.2.2
Check: installed package size
Result: NOTE
installed size is 5.9Mb
sub-directories of 1Mb or more:
R 2.3Mb
help 1.2Mb
testScripts 1.3Mb
Flavors: r-devel-linux-x86_64-fedora-clang, r-devel-windows-x86_64, r-release-macos-arm64, r-release-macos-x86_64, r-release-windows-x86_64, r-oldrel-macos-arm64, r-oldrel-macos-x86_64, r-oldrel-windows-x86_64
Version: 3.2.2
Check: Rd cross-references
Result: NOTE
Found the following Rd file(s) with Rd \link{} targets missing package
anchors:
SmoothMultiarrayModel.Rd: ChromosomalModel,
CopyNumberSegmentationModel
byPath.AffymetrixFileSet.Rd: GenericDataFile
calculateBaseline.ChipEffectSet.Rd: getAverageFile
doCRMAv1.Rd: Verbose
doCRMAv2.Rd: Verbose
doFIRMA.Rd: Verbose
doGCRMA.Rd: Verbose
doRMA.Rd: Verbose
justRMA.Rd: Verbose
Please provide package anchors for all Rd \link{} targets not in the
package itself and the base packages.
Flavor: r-devel-windows-x86_64
Version: 3.2.2
Check: package dependencies
Result: NOTE
Package suggested but not available for checking: ‘AffymetrixDataTestFiles’
Flavors: r-release-macos-arm64, r-release-macos-x86_64
Version: 3.2.2
Check: package dependencies
Result: NOTE
Packages suggested but not available for checking:
'affxparser', 'oligo', 'oligoClasses', 'pdInfoBuilder',
'AffymetrixDataTestFiles'
Flavors: r-oldrel-macos-arm64, r-oldrel-macos-x86_64
Version: 3.2.2
Check: Rd cross-references
Result: NOTE
Packages unavailable to check Rd xrefs: ‘affxparser’, ‘oligo’, ‘oligoClasses’
Flavors: r-oldrel-macos-arm64, r-oldrel-macos-x86_64