Last updated on 2024-03-27 19:56:45 CET.
Flavor | Version | Tinstall | Tcheck | Ttotal | Status | Flags |
---|---|---|---|---|---|---|
r-devel-linux-x86_64-debian-clang | 0.1.2 | 1.95 | 20.08 | 22.03 | NOTE | |
r-devel-linux-x86_64-debian-gcc | 0.1.2 | 1.43 | 15.68 | 17.11 | NOTE | |
r-devel-linux-x86_64-fedora-clang | 0.1.2 | 28.52 | NOTE | |||
r-devel-linux-x86_64-fedora-gcc | 0.1.2 | 27.21 | NOTE | |||
r-devel-windows-x86_64 | 0.1.2 | 3.00 | 33.00 | 36.00 | NOTE | |
r-patched-linux-x86_64 | 0.1.2 | 1.81 | 19.29 | 21.10 | NOTE | |
r-release-linux-x86_64 | 0.1.2 | 1.87 | 19.43 | 21.30 | NOTE | |
r-release-macos-arm64 | 0.1.2 | 15.00 | NOTE | |||
r-release-macos-x86_64 | 0.1.2 | 20.00 | NOTE | |||
r-release-windows-x86_64 | 0.1.2 | 3.00 | 34.00 | 37.00 | NOTE | |
r-oldrel-macos-arm64 | 0.1.2 | 16.00 | NOTE | |||
r-oldrel-windows-x86_64 | 0.1.2 | 4.00 | 42.00 | 46.00 | NOTE |
Version: 0.1.2
Check: DESCRIPTION meta-information
Result: NOTE
Malformed Description field: should contain one or more complete sentences.
Flavors: r-devel-linux-x86_64-debian-clang, r-devel-linux-x86_64-debian-gcc, r-devel-linux-x86_64-fedora-clang, r-devel-linux-x86_64-fedora-gcc, r-devel-windows-x86_64, r-patched-linux-x86_64, r-release-linux-x86_64, r-release-macos-arm64, r-release-macos-x86_64, r-release-windows-x86_64, r-oldrel-macos-arm64, r-oldrel-windows-x86_64