Last updated on 2023-11-30 20:48:29 CET.
Flavor | Version | Tinstall | Tcheck | Ttotal | Status | Flags |
---|---|---|---|---|---|---|
r-devel-linux-x86_64-debian-clang | 0.3.5 | 8.60 | 72.50 | 81.10 | NOTE | |
r-devel-linux-x86_64-debian-gcc | 0.3.5 | 6.46 | 53.13 | 59.59 | NOTE | |
r-devel-linux-x86_64-fedora-clang | 0.3.5 | 100.58 | NOTE | |||
r-devel-linux-x86_64-fedora-gcc | 0.3.5 | 112.18 | NOTE | |||
r-devel-windows-x86_64 | 0.3.5 | 8.00 | 71.00 | 79.00 | NOTE | |
r-patched-linux-x86_64 | 0.3.5 | 6.35 | 66.60 | 72.95 | NOTE | |
r-release-linux-x86_64 | 0.3.5 | 5.28 | 66.76 | 72.04 | NOTE | |
r-release-macos-arm64 | 0.3.5 | 33.00 | NOTE | |||
r-release-macos-x86_64 | 0.3.5 | 49.00 | NOTE | |||
r-release-windows-x86_64 | 0.3.5 | 11.00 | 78.00 | 89.00 | NOTE | |
r-oldrel-macos-arm64 | 0.3.5 | 28.00 | NOTE | |||
r-oldrel-macos-x86_64 | 0.3.5 | 43.00 | NOTE | |||
r-oldrel-windows-x86_64 | 0.3.5 | 11.00 | 81.00 | 92.00 | NOTE |
Version: 0.3.5
Check: LazyData
Result: NOTE
'LazyData' is specified without a 'data' directory
Flavors: r-devel-linux-x86_64-debian-clang, r-devel-linux-x86_64-debian-gcc, r-devel-linux-x86_64-fedora-clang, r-devel-linux-x86_64-fedora-gcc, r-devel-windows-x86_64, r-patched-linux-x86_64, r-release-linux-x86_64, r-release-macos-arm64, r-release-macos-x86_64, r-release-windows-x86_64, r-oldrel-macos-arm64, r-oldrel-macos-x86_64, r-oldrel-windows-x86_64