CRAN Package Check Results for Package arenar

Last updated on 2022-09-24 21:50:56 CEST.

Flavor Version Tinstall Tcheck Ttotal Status Flags
r-devel-linux-x86_64-debian-clang 0.2.0 3.77 104.28 108.05 NOTE
r-devel-linux-x86_64-debian-gcc 0.2.0 3.42 82.35 85.77 NOTE
r-devel-linux-x86_64-fedora-clang 0.2.0 131.33 NOTE
r-devel-linux-x86_64-fedora-gcc 0.2.0 135.73 NOTE
r-devel-windows-x86_64 0.2.0 22.00 144.00 166.00 NOTE
r-patched-linux-x86_64 0.2.0 2.92 100.90 103.82 NOTE
r-release-linux-x86_64 0.2.0 3.31 98.85 102.16 NOTE
r-release-macos-arm64 0.2.0 46.00 NOTE
r-release-macos-x86_64 0.2.0 90.00 NOTE
r-release-windows-x86_64 0.2.0 26.00 134.00 160.00 NOTE
r-oldrel-macos-arm64 0.2.0 51.00 NOTE
r-oldrel-macos-x86_64 0.2.0 87.00 NOTE
r-oldrel-windows-ix86+x86_64 0.2.0 10.00 121.00 131.00 NOTE

Check Details

Version: 0.2.0
Check: LazyData
Result: NOTE
     'LazyData' is specified without a 'data' directory
Flavors: r-devel-linux-x86_64-debian-clang, r-devel-linux-x86_64-debian-gcc, r-devel-linux-x86_64-fedora-clang, r-devel-linux-x86_64-fedora-gcc, r-devel-windows-x86_64, r-patched-linux-x86_64, r-release-linux-x86_64, r-release-macos-arm64, r-release-macos-x86_64, r-release-windows-x86_64, r-oldrel-macos-arm64, r-oldrel-macos-x86_64, r-oldrel-windows-ix86+x86_64