Last updated on 2023-06-04 21:58:15 CEST.
Flavor | Version | Tinstall | Tcheck | Ttotal | Status | Flags |
---|---|---|---|---|---|---|
r-devel-linux-x86_64-debian-clang | 1.0.0 | 3.07 | 40.86 | 43.93 | OK | |
r-devel-linux-x86_64-debian-gcc | 1.0.0 | 2.73 | 32.23 | 34.96 | OK | |
r-devel-linux-x86_64-fedora-clang | 1.0.0 | 56.69 | NOTE | |||
r-devel-linux-x86_64-fedora-gcc | 1.0.0 | 71.98 | NOTE | |||
r-devel-windows-x86_64 | 1.0.0 | 6.00 | 56.00 | 62.00 | OK | |
r-patched-linux-x86_64 | 1.0.0 | 3.20 | 39.64 | 42.84 | OK | |
r-release-linux-x86_64 | 1.0.0 | 3.21 | 39.46 | 42.67 | OK | |
r-release-macos-arm64 | 1.0.0 | 29.00 | OK | |||
r-release-macos-x86_64 | 1.0.0 | 41.00 | OK | |||
r-release-windows-x86_64 | 1.0.0 | 6.00 | 59.00 | 65.00 | OK | |
r-oldrel-macos-arm64 | 1.0.0 | 23.00 | NOTE | |||
r-oldrel-macos-x86_64 | 1.0.0 | 43.00 | NOTE | |||
r-oldrel-windows-x86_64 | 1.0.0 | 7.00 | 62.00 | 69.00 | OK |
Version: 1.0.0
Check: dependencies in R code
Result: NOTE
Namespaces in Imports field not imported from:
‘purrr’ ‘shinyBS’ ‘shinydashboard’ ‘shinyjs’
All declared Imports should be used.
Flavors: r-devel-linux-x86_64-fedora-clang, r-devel-linux-x86_64-fedora-gcc, r-oldrel-macos-arm64, r-oldrel-macos-x86_64